{"id":799,"date":"2022-03-08T05:11:41","date_gmt":"2022-03-08T04:11:41","guid":{"rendered":"https:\/\/www.souillacenjazz.fr\/new\/?page_id=799"},"modified":"2022-03-08T05:32:04","modified_gmt":"2022-03-08T04:32:04","slug":"jean-copans","status":"publish","type":"page","link":"https:\/\/www.souillacenjazz.fr\/new\/autour-du-festival\/sim-copans\/jean-copans\/","title":{"rendered":"Jean Copans"},"content":{"rendered":"\n<div class=\"wp-block-kadence-image kb-image_cdb06b-b9\"><figure class=\"alignleft size-full\"><img loading=\"lazy\" decoding=\"async\" width=\"189\" height=\"179\" src=\"https:\/\/www.souillacenjazz.fr\/new\/wp-content\/uploads\/2022\/03\/1335788365.jpg\" alt=\"\" class=\"kb-img wp-image-800\"\/><\/figure><\/div>\n\n\n\n<p><strong>Jean Copans est n\u00e9 en 1942 \u00e0 New-York. Il est le fils de Sim Copans.<\/strong><br><br>\u00c9tudes primaires, secondaires et universitaires \u00e0 Paris.<br><br>Anthropologue et sociologue, sp\u00e9cialiste de l&#8217;Afrique noire. Recherches de terrain en C\u00f4te d&#8217;Ivoire et au  S\u00e9n\u00e9gal (La confr\u00e9rie islamique des Mourides, classes ouvri\u00e8res et entrepreneurs nationaux).<\/p>\n\n\n\n<p><br>Directeur d&#8217;un centre de recherche des Affaires \u00e9trang\u00e8res \u00e0 Nairobi (Kenya) dans les ann\u00e9es 1980 et exp\u00e9riences de coop\u00e9ration universitaire en Afrique orientale et australe (Afrique du sud).<\/p>\n\n\n\n<p><br>Chef de travaux puis ma\u00eetre-assistant \u00e0 l\u2019\u00c9cole des Hautes \u00c9tudes en sciences sociales (1970-1990) puis <\/p>\n\n\n\n<p>Professeur de sociologie \u00e0 l&#8217;Universit\u00e9 de Picardie Jules Verne et \u00e0 l&#8217;Universit\u00e9 Paris Descartes (1990-2008).<br><\/p>\n\n\n\n<p>A enseign\u00e9 aux Etats-Unis et au Qu\u00e9bec.<br><\/p>\n\n\n\n<p>Co-fondateur de la revue Politique africaine en 1980 et directeur de collections aux \u00e9ditions F. Masp\u00e9ro, Le Sycomore et Karthala.<br><\/p>\n\n\n\n<p>Il est l&#8217;auteur et l&#8217;\u00e9diteur de puis les ann\u00e9es 1970 d&#8217;une vingtaine d&#8217;ouvrages dont plusieurs d&#8217;introduction \u00e0 l&#8217;anthropologie, l&#8217;ethnologie et les sciences sociales du d\u00e9veloppement.<\/p>\n","protected":false},"excerpt":{"rendered":"<p>Jean Copans est n\u00e9 en 1942 \u00e0 New-York. Il est le fils de Sim Copans. \u00c9tudes primaires, secondaires<\/p>\n","protected":false},"author":1,"featured_media":800,"parent":773,"menu_order":2,"comment_status":"closed","ping_status":"closed","template":"","meta":{"om_disable_all_campaigns":false,"cybocfi_hide_featured_image":"","_vp_format_video_url":"","_vp_image_focal_point":[],"footnotes":""},"class_list":["post-799","page","type-page","status-publish","has-post-thumbnail","hentry"],"_links":{"self":[{"href":"https:\/\/www.souillacenjazz.fr\/new\/wp-json\/wp\/v2\/pages\/799","targetHints":{"allow":["GET"]}}],"collection":[{"href":"https:\/\/www.souillacenjazz.fr\/new\/wp-json\/wp\/v2\/pages"}],"about":[{"href":"https:\/\/www.souillacenjazz.fr\/new\/wp-json\/wp\/v2\/types\/page"}],"author":[{"embeddable":true,"href":"https:\/\/www.souillacenjazz.fr\/new\/wp-json\/wp\/v2\/users\/1"}],"replies":[{"embeddable":true,"href":"https:\/\/www.souillacenjazz.fr\/new\/wp-json\/wp\/v2\/comments?post=799"}],"version-history":[{"count":1,"href":"https:\/\/www.souillacenjazz.fr\/new\/wp-json\/wp\/v2\/pages\/799\/revisions"}],"predecessor-version":[{"id":801,"href":"https:\/\/www.souillacenjazz.fr\/new\/wp-json\/wp\/v2\/pages\/799\/revisions\/801"}],"up":[{"embeddable":true,"href":"https:\/\/www.souillacenjazz.fr\/new\/wp-json\/wp\/v2\/pages\/773"}],"wp:featuredmedia":[{"embeddable":true,"href":"https:\/\/www.souillacenjazz.fr\/new\/wp-json\/wp\/v2\/media\/800"}],"wp:attachment":[{"href":"https:\/\/www.souillacenjazz.fr\/new\/wp-json\/wp\/v2\/media?parent=799"}],"curies":[{"name":"wp","href":"https:\/\/api.w.org\/{rel}","templated":true}]}}