{"id":796,"date":"2022-03-08T05:02:11","date_gmt":"2022-03-08T04:02:11","guid":{"rendered":"https:\/\/www.souillacenjazz.fr\/new\/?page_id=796"},"modified":"2022-03-08T05:12:54","modified_gmt":"2022-03-08T04:12:54","slug":"2012-centenaire-de-la-naissance-de-sim-copans","status":"publish","type":"page","link":"https:\/\/www.souillacenjazz.fr\/new\/autour-du-festival\/sim-copans\/2012-centenaire-de-la-naissance-de-sim-copans\/","title":{"rendered":"2012 : centenaire de la naissance de Sim Copans"},"content":{"rendered":"\n<div class=\"wp-block-kadence-image kb-image_84b9ca-51\"><figure class=\"alignleft size-medium\"><a href=\"https:\/\/www.souillacenjazz.fr\/new\/wp-content\/uploads\/2022\/03\/1333551987.jpg\" class=\"kb-advanced-image-link\"><img loading=\"lazy\" decoding=\"async\" width=\"202\" height=\"300\" src=\"https:\/\/www.souillacenjazz.fr\/new\/wp-content\/uploads\/2022\/03\/1333551987-202x300.jpg\" alt=\"\" class=\"kb-img wp-image-797\" srcset=\"https:\/\/www.souillacenjazz.fr\/new\/wp-content\/uploads\/2022\/03\/1333551987-202x300.jpg 202w, https:\/\/www.souillacenjazz.fr\/new\/wp-content\/uploads\/2022\/03\/1333551987.jpg 518w\" sizes=\"auto, (max-width: 202px) 100vw, 202px\" \/><\/a><\/figure><\/div>\n\n\n\n<p class=\"has-large-font-size\"><strong>\u00e9dito<\/strong><\/p>\n\n\n\n<p>\u00c0 l\u2019\u00e9poque o\u00f9 les prises de position d\u2019Hugues Panassi\u00e9 et de Charles Delaunay nourrissaient les pol\u00e9miques sur le jazz, Sim Copans diffusait sur les radios fran\u00e7aises des disques venus des USA et inconnus en France, fid\u00e9lisant des milliers d\u2019auditeurs. Il aspirait \u00e0 faire d\u00e9couvrir la culture am\u00e9ricaine, essentiellement \u00e0 travers la musique. Il parcourut \u00e9galement les routes de France et effectua nombre de conf\u00e9rences en Afrique noire et au Maghreb.<\/p>\n\n\n\n<p>Pour le festival de jazz de Souillac, il fut d\u00e9clencheur ; sa conf\u00e9rence, \u00e0 Souillac en 1975, a \u00e9t\u00e9 le terreau sur lequel est n\u00e9e l\u2019association. L\u2019influence de Sim Copans sur le festival est toujours perceptible aujourd\u2019hui : les racines africaines du jazz, les m\u00e9langes de cultures, la conviction que le jazz est une musique populaire restent les jalons de chaque programmation.<\/p>\n\n\n\n<p>La comm\u00e9moration du centenaire de la naissance de Sim Copans est, pour le festival qui porte son nom, l\u2019occasion de propager l\u2019oeuvre trop peu connue de ce propagateur de jazz.<\/p>\n\n\n\n<p>Homme de radio, Sim Copans \u00e9crivait \u00e9norm\u00e9ment : une partie de ses textes est conserv\u00e9e dans le \u00ab Fonds Sim Copans \u00bb \u00e0 la biblioth\u00e8que municipale de Souillac. Ces documents constituent une ressource rare de connaissances du jazz et de la musique am\u00e9ricaine.<\/p>\n\n\n\n<p>Donner \u00e0 voir les textes de Sim Copans, donner \u00e0 entendre sa voix sont un plaisir que l\u2019association, consciente de son h\u00e9ritage, veut partager \u00e0 l\u2019occasion de cette comm\u00e9moration.<\/p>\n\n\n\n<p class=\"has-large-font-size\"><strong>au programme<\/strong><\/p>\n\n\n\n<p><strong>lundi 16 juillet &#8211; 16h :<\/strong> conf\u00e9rence \u00ab Les voix multiples d\u2019une grande chorale \u00bb et lecture bilingue de po\u00e8mes par Taffy Martin &#8211; salle Saint-Martin \u2013 gratuit<\/p>\n\n\n\n<p><strong>mardi 17 juillet &#8211; 16h :<\/strong> conf\u00e9rence \u00ab Revendication et d\u00e9tournement : l\u2019histoire am\u00e9ricaine en chanson \u00bb par Taffy Martin &#8211; salle Saint-Martin \u2013 gratuit<\/p>\n\n\n\n<p><strong>mercredi 18 juillet &#8211; 21h :<\/strong> projection du film Lubat musique p\u00e8re et fils de Richard Copans en pr\u00e9sence du r\u00e9alisateur &#8211; cin\u00e9ma Le Paris (Souillac) &#8211; tarif cin\u00e9ma (hors festival)<\/p>\n\n\n\n<p><strong>jeudi 19 juillet &#8211; 17h :<\/strong> conf\u00e9rence \u00ab Les trois voyages africains de Sim des ann\u00e9es 60 \u00bb par <a href=\"https:\/\/www.souillacenjazz.fr\/new\/autour-du-festival\/sim-copans\/jean-copans\/\" data-type=\"page\" data-id=\"799\">Jean Copans<\/a> &#8211; salle Saint-Martin \u2013 gratuit<\/p>\n\n\n\n<p><strong>samedi 21 juillet &#8211; 15h :<\/strong> table ronde \u00ab Sim Copans et le d\u00e9veloppement de la musique afro-am\u00e9ricaine en France \u00bb anim\u00e9e par Anne Legrand &#8211; salle Saint-Martin &#8211; gratuit<\/p>\n\n\n\n<p>Cette table ronde, anim\u00e9e par Anne Legrand, mettra en pr\u00e9sence des acteurs de l\u2019histoire du jazz pour lesquels Sim Copans a eu une influence : Andr\u00e9 Francis, Claude Carri\u00e8re, Laurent Sapir, S\u00e9bastian Danchin (sous r\u00e9serve) et de Yann Gillot, un des premiers auditeurs et participants, \u00e9tudiant \u00e0 la fin des ann\u00e9es 40.<\/p>\n\n\n\n<p><strong>toute la semaine :<\/strong> exposition r\u00e9trospective autour de la figure de Sim Copans.<\/p>\n\n\n\n<p>Constitu\u00e9e essentiellement \u00e0 partir des documents conserv\u00e9s dans le fonds Sim Copans \u00e0 la biblioth\u00e8que municipale de Souillac, l\u2019exposition offre un parcours chronologique de la vie de Sim Copans avec des haltes sur les temps forts de son chemin de transmetteur. Faire d\u00e9couvrir la culture am\u00e9ricaine a toujours \u00e9t\u00e9 son aspiration, l\u2019objet de son travail universitaire et l\u2019origine de ses choix professionnels. En utilisant ses propres textes, des coupures de presse, des lettres, des articles, l\u2019exposition montre comment il tenait \u00e0 collecter et \u00e0 diffuser tout ce qui permet de transmettre aux Fran\u00e7ais des \u00e9l\u00e9ments de la culture am\u00e9ricaine. Gr\u00e2ce \u00e0 ses transcriptions m\u00e9ticuleuses de pr\u00e9paration de ses \u00e9missions de radio, des reconstitutions pourront \u00eatre \u00e9cout\u00e9es. Des amis, des musiciens, des hommes de radio ont accept\u00e9 de parler de Sim Copans ; ils ont \u00e9t\u00e9 film\u00e9s et une vid\u00e9o diffus\u00e9e au sein de l\u2019exposition donne son et image aux t\u00e9moignages d\u2019aujourd\u2019hui. Sans aucune nostalgie, l\u2019exposition veut mettre en lumi\u00e8re une oeuvre trop rest\u00e9e dans l\u2019ombre.<\/p>\n\n\n\n<p class=\"has-large-font-size\"><strong>En r\u00e9sum\u00e9<\/strong><\/p>\n\n\n\n<p>Spectacle dans le cadre du Le Jazz dans la Vall\u00e9e en juin 2012<br>Exposition \u00e0 la Salle Saint Martin du 15 au 22 juillet<br>Conf\u00e9rences<br>Films (cf rubrique film jazz)<br>Table ronde<\/p>\n","protected":false},"excerpt":{"rendered":"<p>La comm\u00e9moration du centenaire de la naissance de Sim Copans est, pour le festival qui porte son nom, l\u2019occasion de propager l\u2019oeuvre trop peu connue de ce propagateur de jazz.<\/p>\n","protected":false},"author":1,"featured_media":797,"parent":773,"menu_order":0,"comment_status":"closed","ping_status":"closed","template":"","meta":{"om_disable_all_campaigns":false,"cybocfi_hide_featured_image":"","_vp_format_video_url":"","_vp_image_focal_point":[],"footnotes":""},"class_list":["post-796","page","type-page","status-publish","has-post-thumbnail","hentry"],"_links":{"self":[{"href":"https:\/\/www.souillacenjazz.fr\/new\/wp-json\/wp\/v2\/pages\/796","targetHints":{"allow":["GET"]}}],"collection":[{"href":"https:\/\/www.souillacenjazz.fr\/new\/wp-json\/wp\/v2\/pages"}],"about":[{"href":"https:\/\/www.souillacenjazz.fr\/new\/wp-json\/wp\/v2\/types\/page"}],"author":[{"embeddable":true,"href":"https:\/\/www.souillacenjazz.fr\/new\/wp-json\/wp\/v2\/users\/1"}],"replies":[{"embeddable":true,"href":"https:\/\/www.souillacenjazz.fr\/new\/wp-json\/wp\/v2\/comments?post=796"}],"version-history":[{"count":3,"href":"https:\/\/www.souillacenjazz.fr\/new\/wp-json\/wp\/v2\/pages\/796\/revisions"}],"predecessor-version":[{"id":4486,"href":"https:\/\/www.souillacenjazz.fr\/new\/wp-json\/wp\/v2\/pages\/796\/revisions\/4486"}],"up":[{"embeddable":true,"href":"https:\/\/www.souillacenjazz.fr\/new\/wp-json\/wp\/v2\/pages\/773"}],"wp:featuredmedia":[{"embeddable":true,"href":"https:\/\/www.souillacenjazz.fr\/new\/wp-json\/wp\/v2\/media\/797"}],"wp:attachment":[{"href":"https:\/\/www.souillacenjazz.fr\/new\/wp-json\/wp\/v2\/media?parent=796"}],"curies":[{"name":"wp","href":"https:\/\/api.w.org\/{rel}","templated":true}]}}

<div class="wp-block-kadence-image kb-image_84b9ca-51"><figure class="alignleft size-medium"><a href="https://www.souillacenjazz.fr/new/wp-content/uploads/2022/03/1333551987.jpg" class="kb-advanced-image-link"><img loading="lazy" decoding="async" width="202" height="300" src="https://www.souillacenjazz.fr/new/wp-content/uploads/2022/03/1333551987-202x300.jpg" alt="" class="kb-img wp-image-797" srcset="https://www.souillacenjazz.fr/new/wp-content/uploads/2022/03/1333551987-202x300.jpg 202w, https://www.souillacenjazz.fr/new/wp-content/uploads/2022/03/1333551987.jpg 518w" sizes="auto, (max-width: 202px) 100vw, 202px" /></a></figure></div>



<p class="has-large-font-size"><strong>édito</strong></p>



<p>À l’époque où les prises de position d’Hugues Panassié et de Charles Delaunay nourrissaient les polémiques sur le jazz, Sim Copans diffusait sur les radios françaises des disques venus des USA et inconnus en France, fidélisant des milliers d’auditeurs. Il aspirait à faire découvrir la culture américaine, essentiellement à travers la musique. Il parcourut également les routes de France et effectua nombre de conférences en Afrique noire et au Maghreb.</p>



<p>Pour le festival de jazz de Souillac, il fut déclencheur ; sa conférence, à Souillac en 1975, a été le terreau sur lequel est née l’association. L’influence de Sim Copans sur le festival est toujours perceptible aujourd’hui : les racines africaines du jazz, les mélanges de cultures, la conviction que le jazz est une musique populaire restent les jalons de chaque programmation.</p>



<p>La commémoration du centenaire de la naissance de Sim Copans est, pour le festival qui porte son nom, l’occasion de propager l’oeuvre trop peu connue de ce propagateur de jazz.</p>



<p>Homme de radio, Sim Copans écrivait énormément : une partie de ses textes est conservée dans le « Fonds Sim Copans » à la bibliothèque municipale de Souillac. Ces documents constituent une ressource rare de connaissances du jazz et de la musique américaine.</p>



<p>Donner à voir les textes de Sim Copans, donner à entendre sa voix sont un plaisir que l’association, consciente de son héritage, veut partager à l’occasion de cette commémoration.</p>



<p class="has-large-font-size"><strong>au programme</strong></p>



<p><strong>lundi 16 juillet &#8211; 16h :</strong> conférence « Les voix multiples d’une grande chorale » et lecture bilingue de poèmes par Taffy Martin &#8211; salle Saint-Martin – gratuit</p>



<p><strong>mardi 17 juillet &#8211; 16h :</strong> conférence « Revendication et détournement : l’histoire américaine en chanson » par Taffy Martin &#8211; salle Saint-Martin – gratuit</p>



<p><strong>mercredi 18 juillet &#8211; 21h :</strong> projection du film Lubat musique père et fils de Richard Copans en présence du réalisateur &#8211; cinéma Le Paris (Souillac) &#8211; tarif cinéma (hors festival)</p>



<p><strong>jeudi 19 juillet &#8211; 17h :</strong> conférence « Les trois voyages africains de Sim des années 60 » par <a href="https://www.souillacenjazz.fr/new/autour-du-festival/sim-copans/jean-copans/" data-type="page" data-id="799">Jean Copans</a> &#8211; salle Saint-Martin – gratuit</p>



<p><strong>samedi 21 juillet &#8211; 15h :</strong> table ronde « Sim Copans et le développement de la musique afro-américaine en France » animée par Anne Legrand &#8211; salle Saint-Martin &#8211; gratuit</p>



<p>Cette table ronde, animée par Anne Legrand, mettra en présence des acteurs de l’histoire du jazz pour lesquels Sim Copans a eu une influence : André Francis, Claude Carrière, Laurent Sapir, Sébastian Danchin (sous réserve) et de Yann Gillot, un des premiers auditeurs et participants, étudiant à la fin des années 40.</p>



<p><strong>toute la semaine :</strong> exposition rétrospective autour de la figure de Sim Copans.</p>



<p>Constituée essentiellement à partir des documents conservés dans le fonds Sim Copans à la bibliothèque municipale de Souillac, l’exposition offre un parcours chronologique de la vie de Sim Copans avec des haltes sur les temps forts de son chemin de transmetteur. Faire découvrir la culture américaine a toujours été son aspiration, l’objet de son travail universitaire et l’origine de ses choix professionnels. En utilisant ses propres textes, des coupures de presse, des lettres, des articles, l’exposition montre comment il tenait à collecter et à diffuser tout ce qui permet de transmettre aux Français des éléments de la culture américaine. Grâce à ses transcriptions méticuleuses de préparation de ses émissions de radio, des reconstitutions pourront être écoutées. Des amis, des musiciens, des hommes de radio ont accepté de parler de Sim Copans ; ils ont été filmés et une vidéo diffusée au sein de l’exposition donne son et image aux témoignages d’aujourd’hui. Sans aucune nostalgie, l’exposition veut mettre en lumière une oeuvre trop restée dans l’ombre.</p>



<p class="has-large-font-size"><strong>En résumé</strong></p>



<p>Spectacle dans le cadre du Le Jazz dans la Vallée en juin 2012<br>Exposition à la Salle Saint Martin du 15 au 22 juillet<br>Conférences<br>Films (cf rubrique film jazz)<br>Table ronde</p>

<p>La commémoration du centenaire de la naissance de Sim Copans est, pour le festival qui porte son nom, l’occasion de propager l’oeuvre trop peu connue de ce propagateur de jazz.</p>
