{"id":773,"date":"2022-03-08T04:25:21","date_gmt":"2022-03-08T03:25:21","guid":{"rendered":"https:\/\/www.souillacenjazz.fr\/new\/?page_id=773"},"modified":"2022-03-08T05:48:38","modified_gmt":"2022-03-08T04:48:38","slug":"sim-copans","status":"publish","type":"page","link":"https:\/\/www.souillacenjazz.fr\/new\/autour-du-festival\/sim-copans\/","title":{"rendered":"Sim Copans"},"content":{"rendered":"\n<h5 class=\"wp-block-heading\">Sim Copans (1912-2000) a \u00e9t\u00e9 un des principaux fondateurs du festival qui porte son nom depuis 1985.<\/h5>\n\n\n<style id=\"kb-image_7a260a-7d\">.kb-image_7a260a-7d.kb-image-is-ratio-size, .kb-image_7a260a-7d .kb-image-is-ratio-size{max-width:401px;width:100%;}.kb-image_7a260a-7d figure{max-width:401px;}<\/style>\n<div class=\"wp-block-kadence-image kb-image_7a260a-7d\"><figure class=\"alignleft size-morenews-medium\"><a href=\"https:\/\/www.souillacenjazz.fr\/new\/wp-content\/uploads\/2022\/03\/1326292132.jpg\" class=\"kb-advanced-image-link\"><img loading=\"lazy\" decoding=\"async\" width=\"576\" height=\"410\" src=\"https:\/\/www.souillacenjazz.fr\/new\/wp-content\/uploads\/2022\/03\/1326292132-576x410.jpg\" alt=\"\" class=\"kb-img wp-image-774\"\/><\/a><\/figure><\/div>\n\n\n\n<p>Il existait \u00e0 Souillac un club de l&#8217;UNESCO et, en f\u00e9vrier 1975, le pr\u00e9sident de ce club, le docteur Vizerie, demande \u00e0 Sim Copans s&#8217;il accepterait de faire une conf\u00e9rence sur les origines du jazz.<\/p>\n\n\n\n<p>Bien s\u00fbr, cette conf\u00e9rence eut lieu.<\/p>\n\n\n\n<p>A-t-elle jou\u00e9 le r\u00f4le de d\u00e9clencheur ? Toujours est-il qu&#8217;un groupe de jeunes voulut cr\u00e9er \u00e0 Souillac un festival de jazz. Sim Copans \u00e9tait vraiment tr\u00e8s sceptique. Il se laissa finalement convaincre et joua le jeu.<\/p>\n\n\n\n<p>Il proposa alors au maire de l&#8217;\u00e9poque, Jaur\u00e8s Chaudru, ce projet de festival.<\/p>\n\n\n\n<p>C&#8217;\u00e9tait le 11 novembre 1975. L&#8217;ensemble du conseil municipal vota \u00e0 l&#8217;unanimit\u00e9 moins une voix (celle du maire) le projet avec 3 ou 4000 francs pour d\u00e9marrer.<\/p>\n\n\n\n<p><strong>Le festival de jazz de Souillac \u00e9tait n\u00e9.<\/strong><\/p>\n\n\n\n<div class=\"wp-block-blockspare-shape-divider alignfull blockspare-3b7d27e9-bb1f-4\"><style>.blockspare-3b7d27e9-bb1f-4 .blockspare-svg-wrapper{color:#d25829;height:30px;padding-top:0px;padding-right:0px;padding-bottom:0px;padding-left:0px;margin-top:30px;margin-bottom:30px}<\/style><div class=\"blockspare-blocks blockspare-svg-wrapper has-width-1\"><div class=\"blockspare-svg-svg-inner blockspare-separator-wrapper\"><svg class=\"grow\" preserveaspectratio=\"none\" aria-hidden=\"true\" xmlns=\"http:\/\/www.w3.org\/2000\/svg\" viewbox=\"0 0 630 80\"><path class=\"st1\" d=\"M261.2 64.9C367.6 54.7 499.6 39.7 630 18.5V0C497.8 31.4 363.7 52 261.2 64.9z\"><\/path><path class=\"st2\" d=\"M261.2 64.9c-41 3.9-78.2 7.1-110 9.6 13.2-.4 27-.9 41.5-1.6C315 67.7 478.4 59.4 630 34.8V18.5C499.1 39.8 367.3 54.8 261.2 64.9z\"><\/path><path d=\"M192.7 72.9c-14.5.7-28.3 1.2-41.5 1.6C59.9 77.7 0 77.4 0 77.4V80h630V33.8C478.4 58.4 315 67.7 192.7 72.9z\"><\/path><\/svg><\/div><\/div><\/div>\n\n\n\n<div class=\"wp-block-blockspare-shape-divider alignfull blockspare-f52035c2-e9fa-4\"><style>.blockspare-f52035c2-e9fa-4 .blockspare-svg-wrapper{color:#d25829;height:30px;padding-top:0px;padding-right:0px;padding-bottom:0px;padding-left:0px;margin-top:-31px;margin-bottom:30px}<\/style><div class=\"blockspare-blocks blockspare-svg-wrapper is-vertically-flipped is-horizontally-flipped has-width-1\"><div class=\"blockspare-svg-svg-inner blockspare-separator-wrapper\"><svg class=\"grow\" preserveaspectratio=\"none\" aria-hidden=\"true\" xmlns=\"http:\/\/www.w3.org\/2000\/svg\" viewbox=\"0 0 630 80\"><path class=\"st1\" d=\"M261.2 64.9C367.6 54.7 499.6 39.7 630 18.5V0C497.8 31.4 363.7 52 261.2 64.9z\"><\/path><path class=\"st2\" d=\"M261.2 64.9c-41 3.9-78.2 7.1-110 9.6 13.2-.4 27-.9 41.5-1.6C315 67.7 478.4 59.4 630 34.8V18.5C499.1 39.8 367.3 54.8 261.2 64.9z\"><\/path><path d=\"M192.7 72.9c-14.5.7-28.3 1.2-41.5 1.6C59.9 77.7 0 77.4 0 77.4V80h630V33.8C478.4 58.4 315 67.7 192.7 72.9z\"><\/path><\/svg><\/div><\/div><\/div>\n","protected":false},"excerpt":{"rendered":"<p>Sim Copans (1912-2000) a \u00e9t\u00e9 un des principaux fondateurs du festival qui porte son nom depuis 1985. Il<\/p>\n","protected":false},"author":1,"featured_media":774,"parent":730,"menu_order":0,"comment_status":"closed","ping_status":"closed","template":"","meta":{"om_disable_all_campaigns":false,"cybocfi_hide_featured_image":"","_vp_format_video_url":"","_vp_image_focal_point":[],"footnotes":""},"class_list":["post-773","page","type-page","status-publish","has-post-thumbnail","hentry"],"_links":{"self":[{"href":"https:\/\/www.souillacenjazz.fr\/new\/wp-json\/wp\/v2\/pages\/773","targetHints":{"allow":["GET"]}}],"collection":[{"href":"https:\/\/www.souillacenjazz.fr\/new\/wp-json\/wp\/v2\/pages"}],"about":[{"href":"https:\/\/www.souillacenjazz.fr\/new\/wp-json\/wp\/v2\/types\/page"}],"author":[{"embeddable":true,"href":"https:\/\/www.souillacenjazz.fr\/new\/wp-json\/wp\/v2\/users\/1"}],"replies":[{"embeddable":true,"href":"https:\/\/www.souillacenjazz.fr\/new\/wp-json\/wp\/v2\/comments?post=773"}],"version-history":[{"count":9,"href":"https:\/\/www.souillacenjazz.fr\/new\/wp-json\/wp\/v2\/pages\/773\/revisions"}],"predecessor-version":[{"id":1876,"href":"https:\/\/www.souillacenjazz.fr\/new\/wp-json\/wp\/v2\/pages\/773\/revisions\/1876"}],"up":[{"embeddable":true,"href":"https:\/\/www.souillacenjazz.fr\/new\/wp-json\/wp\/v2\/pages\/730"}],"wp:featuredmedia":[{"embeddable":true,"href":"https:\/\/www.souillacenjazz.fr\/new\/wp-json\/wp\/v2\/media\/774"}],"wp:attachment":[{"href":"https:\/\/www.souillacenjazz.fr\/new\/wp-json\/wp\/v2\/media?parent=773"}],"curies":[{"name":"wp","href":"https:\/\/api.w.org\/{rel}","templated":true}]}}