{"id":739,"date":"2022-03-05T14:44:16","date_gmt":"2022-03-05T13:44:16","guid":{"rendered":"https:\/\/www.souillacenjazz.fr\/new\/?page_id=739"},"modified":"2022-10-10T18:04:14","modified_gmt":"2022-10-10T16:04:14","slug":"lesprit-du-festival","status":"publish","type":"page","link":"https:\/\/www.souillacenjazz.fr\/new\/autour-du-festival\/lassociation\/lesprit-du-festival\/","title":{"rendered":"L\u2019esprit du festival"},"content":{"rendered":"\n<div class=\"wp-block-kadence-image kb-image_f660cc-9f\"><figure class=\"alignleft size-medium\"><a href=\"https:\/\/www.souillacenjazz.fr\/new\/wp-content\/uploads\/2022\/03\/1358431981.jpg\" class=\"kb-advanced-image-link\"><img loading=\"lazy\" decoding=\"async\" width=\"300\" height=\"225\" src=\"https:\/\/www.souillacenjazz.fr\/new\/wp-content\/uploads\/2022\/03\/1358431981-300x225.jpg\" alt=\"\" class=\"kb-img wp-image-816\" srcset=\"https:\/\/www.souillacenjazz.fr\/new\/wp-content\/uploads\/2022\/03\/1358431981-300x225.jpg 300w, https:\/\/www.souillacenjazz.fr\/new\/wp-content\/uploads\/2022\/03\/1358431981-768x576.jpg 768w, https:\/\/www.souillacenjazz.fr\/new\/wp-content\/uploads\/2022\/03\/1358431981.jpg 800w\" sizes=\"auto, (max-width: 300px) 100vw, 300px\" \/><\/a><\/figure><\/div>\n\n\n\n<p>Depuis le commencement, la programmation du festival s&#8217;articule autour de deux principes : toucher un public qui n&#8217;est pas forc\u00e9ment connaisseur du jazz et proposer des musiques et des musiciens plus inhabituels.<\/p>\n\n\n\n<p>Exigeante, cette programmation sort des sentiers battus et devant la respectable abbaye romane, le public, fid\u00e8le et curieux se r\u00e9jouit de nuits musicales originales.<\/p>\n\n\n\n<p>Situ\u00e9 en milieu rural, le Festival de jazz &#8220;<a href=\"https:\/\/www.souillacenjazz.fr\/new\/autour-du-festival\/sim-copans\/\" data-type=\"page\" data-id=\"773\">Sim Copans<\/a>&#8221; de <a href=\"https:\/\/www.souillacenjazz.fr\/new\/lieux-de-spectacles\/souillac-46\/\" data-type=\"page\" data-id=\"539\">Souillac<\/a> s&#8217;inscrit dans une logique de d\u00e9veloppement et de mise en valeur d&#8217;un patrimoine.<\/p>\n\n\n\n<p>Le tissu associatif local vient en appui : appui touristique tourn\u00e9 vers la randonn\u00e9e, la gastronomie et la d\u00e9couverte du patrimoine architectural, appui culturel et artistique avec le cin\u00e9ma, la photographie, la peinture, la danse, la litt\u00e9rature et le th\u00e9\u00e2tre.<\/p>\n\n\n\n<p>Depuis plus de quarante ans, chaque \u00e9dition se construit selon un fil conducteur.<\/p>\n\n\n\n<p>Pendant plusieurs jours, le jazz se propage dans la ville, sur les places, dans les rues et insatiable, gagne les communes avoisinantes.<\/p>\n","protected":false},"excerpt":{"rendered":"<p>Depuis le commencement, la programmation du festival s&#8217;articule autour de deux principes : toucher un public qui n&#8217;est<\/p>\n","protected":false},"author":1,"featured_media":816,"parent":732,"menu_order":0,"comment_status":"closed","ping_status":"closed","template":"elementor_theme","meta":{"om_disable_all_campaigns":false,"cybocfi_hide_featured_image":"","_vp_format_video_url":"","_vp_image_focal_point":[],"footnotes":""},"class_list":["post-739","page","type-page","status-publish","has-post-thumbnail","hentry"],"_links":{"self":[{"href":"https:\/\/www.souillacenjazz.fr\/new\/wp-json\/wp\/v2\/pages\/739","targetHints":{"allow":["GET"]}}],"collection":[{"href":"https:\/\/www.souillacenjazz.fr\/new\/wp-json\/wp\/v2\/pages"}],"about":[{"href":"https:\/\/www.souillacenjazz.fr\/new\/wp-json\/wp\/v2\/types\/page"}],"author":[{"embeddable":true,"href":"https:\/\/www.souillacenjazz.fr\/new\/wp-json\/wp\/v2\/users\/1"}],"replies":[{"embeddable":true,"href":"https:\/\/www.souillacenjazz.fr\/new\/wp-json\/wp\/v2\/comments?post=739"}],"version-history":[{"count":3,"href":"https:\/\/www.souillacenjazz.fr\/new\/wp-json\/wp\/v2\/pages\/739\/revisions"}],"predecessor-version":[{"id":3036,"href":"https:\/\/www.souillacenjazz.fr\/new\/wp-json\/wp\/v2\/pages\/739\/revisions\/3036"}],"up":[{"embeddable":true,"href":"https:\/\/www.souillacenjazz.fr\/new\/wp-json\/wp\/v2\/pages\/732"}],"wp:featuredmedia":[{"embeddable":true,"href":"https:\/\/www.souillacenjazz.fr\/new\/wp-json\/wp\/v2\/media\/816"}],"wp:attachment":[{"href":"https:\/\/www.souillacenjazz.fr\/new\/wp-json\/wp\/v2\/media?parent=739"}],"curies":[{"name":"wp","href":"https:\/\/api.w.org\/{rel}","templated":true}]}}