{"id":516,"date":"2022-02-28T18:45:56","date_gmt":"2022-02-28T17:45:56","guid":{"rendered":"https:\/\/www.souillacenjazz.fr\/new\/?page_id=516"},"modified":"2025-11-04T10:44:50","modified_gmt":"2025-11-04T09:44:50","slug":"venir-au-festival-en-bateau","status":"publish","type":"page","link":"https:\/\/www.souillacenjazz.fr\/new\/venir-au-festival\/venir-au-festival-en-bateau\/","title":{"rendered":"Venir au Festival en bateau !!!"},"content":{"rendered":"\n<h2 class=\"wp-block-heading\">et pourquoi pas ?<\/h2>\n\n\n\n<p><strong>En bateau<\/strong> (pour les sportifs et dilettantes) :<br>l\u2019\u00e9t\u00e9, la Dordogne se pr\u00eate fort bien \u00e0 la navigation en cano\u00eb.<br>Une arriv\u00e9e au port de Souillac est donc tout \u00e0 fait envisageable, apr\u00e8s une descente depuis Argentat par exemple (comptez deux \u00e0 trois jours).<\/p>\n","protected":false},"excerpt":{"rendered":"<p>et pourquoi pas ? En bateau (pour les sportifs et dilettantes) :l\u2019\u00e9t\u00e9, la Dordogne se pr\u00eate fort bien<\/p>\n","protected":false},"author":1,"featured_media":5532,"parent":508,"menu_order":0,"comment_status":"closed","ping_status":"closed","template":"","meta":{"om_disable_all_campaigns":false,"cybocfi_hide_featured_image":"","_vp_format_video_url":"","_vp_image_focal_point":[],"footnotes":""},"class_list":["post-516","page","type-page","status-publish","has-post-thumbnail","hentry"],"_links":{"self":[{"href":"https:\/\/www.souillacenjazz.fr\/new\/wp-json\/wp\/v2\/pages\/516","targetHints":{"allow":["GET"]}}],"collection":[{"href":"https:\/\/www.souillacenjazz.fr\/new\/wp-json\/wp\/v2\/pages"}],"about":[{"href":"https:\/\/www.souillacenjazz.fr\/new\/wp-json\/wp\/v2\/types\/page"}],"author":[{"embeddable":true,"href":"https:\/\/www.souillacenjazz.fr\/new\/wp-json\/wp\/v2\/users\/1"}],"replies":[{"embeddable":true,"href":"https:\/\/www.souillacenjazz.fr\/new\/wp-json\/wp\/v2\/comments?post=516"}],"version-history":[{"count":4,"href":"https:\/\/www.souillacenjazz.fr\/new\/wp-json\/wp\/v2\/pages\/516\/revisions"}],"predecessor-version":[{"id":5533,"href":"https:\/\/www.souillacenjazz.fr\/new\/wp-json\/wp\/v2\/pages\/516\/revisions\/5533"}],"up":[{"embeddable":true,"href":"https:\/\/www.souillacenjazz.fr\/new\/wp-json\/wp\/v2\/pages\/508"}],"wp:featuredmedia":[{"embeddable":true,"href":"https:\/\/www.souillacenjazz.fr\/new\/wp-json\/wp\/v2\/media\/5532"}],"wp:attachment":[{"href":"https:\/\/www.souillacenjazz.fr\/new\/wp-json\/wp\/v2\/media?parent=516"}],"curies":[{"name":"wp","href":"https:\/\/api.w.org\/{rel}","templated":true}]}}

<h2 class="wp-block-heading">et pourquoi pas ?</h2>



<p><strong>En bateau</strong> (pour les sportifs et dilettantes) :<br>l’été, la Dordogne se prête fort bien à la navigation en canoë.<br>Une arrivée au port de Souillac est donc tout à fait envisageable, après une descente depuis Argentat par exemple (comptez deux à trois jours).</p>

<p>et pourquoi pas ? En bateau (pour les sportifs et dilettantes) :l’été, la Dordogne se prête fort bien</p>
