{"id":514,"date":"2022-02-28T18:43:13","date_gmt":"2022-02-28T17:43:13","guid":{"rendered":"https:\/\/www.souillacenjazz.fr\/new\/?page_id=514"},"modified":"2025-04-09T23:44:26","modified_gmt":"2025-04-09T21:44:26","slug":"venir-au-festival-par-la-route","status":"publish","type":"page","link":"https:\/\/www.souillacenjazz.fr\/new\/venir-au-festival\/venir-au-festival-par-la-route\/","title":{"rendered":"Venir au Festival par la route"},"content":{"rendered":"\n<figure class=\"wp-block-image alignfull size-full\"><img loading=\"lazy\" decoding=\"async\" width=\"640\" height=\"427\" src=\"https:\/\/www.souillacenjazz.fr\/new\/wp-content\/uploads\/2025\/04\/route.jpg\" alt=\"\" class=\"wp-image-5351\" srcset=\"https:\/\/www.souillacenjazz.fr\/new\/wp-content\/uploads\/2025\/04\/route.jpg 640w, https:\/\/www.souillacenjazz.fr\/new\/wp-content\/uploads\/2025\/04\/route-300x200.jpg 300w, https:\/\/www.souillacenjazz.fr\/new\/wp-content\/uploads\/2025\/04\/route-500x334.jpg 500w\" sizes=\"auto, (max-width: 640px) 100vw, 640px\" \/><\/figure>\n\n\n\n<p><strong>de Paris :<\/strong><br>prendre l\u2019A10 puis l\u2019A71 jusqu\u2019\u00e0 Vierzon. Poursuivre par l\u2019A20, direction Toulouse jusqu\u2019\u00e0 la sortie Souillac (sortie n\u00b055).<br>La distance est d\u2019environ 500 km<\/p>\n\n\n\n<p><strong>de Toulouse :<\/strong><br>prendre l\u2019A62 (direction Bordeaux) puis l\u2019A20 jusqu\u2019\u00e0 Souillac. Compter environ une heure et demie de trajet<\/p>\n\n\n\n<p><strong>de Bordeaux (deux options) :<\/strong><\/p>\n\n\n\n<ul class=\"wp-block-list\">\n<li>suivre la vall\u00e9e de la Dordogne par Bergerac. L\u2019itin\u00e9raire est tr\u00e8s beau mais encombr\u00e9 en \u00e9t\u00e9<\/li>\n\n\n\n<li>par l\u2019autoroute via Libourne, P\u00e9rigueux puis Brive, via l\u2019A\/N89 puis l\u2019A20<\/li>\n<\/ul>\n\n\n\n<p><strong>de Clermont-Ferrand :<\/strong><br>prendre la direction Bordeaux-Brive par l\u2019A\/N89 puis continuer par l\u2019A20 vers Toulouse, sortie Souillac<\/p>\n\n\n<div class=\"wp-block-image\">\n<figure class=\"aligncenter\"><a href=\"https:\/\/www.mobicoop.fr\/\" target=\"_blank\" rel=\"MOBICOOP noopener\"><img loading=\"lazy\" decoding=\"async\" width=\"339\" height=\"320\" src=\"https:\/\/www.souillacenjazz.fr\/new\/wp-content\/uploads\/2023\/02\/panneau-de-signalisation-covoiturage.jpg\" alt=\"MOBICOOP\" class=\"wp-image-3361\" srcset=\"https:\/\/www.souillacenjazz.fr\/new\/wp-content\/uploads\/2023\/02\/panneau-de-signalisation-covoiturage.jpg 339w, https:\/\/www.souillacenjazz.fr\/new\/wp-content\/uploads\/2023\/02\/panneau-de-signalisation-covoiturage-300x283.jpg 300w\" sizes=\"auto, (max-width: 339px) 100vw, 339px\" \/><\/a><figcaption class=\"wp-element-caption\"><strong><a href=\"https:\/\/www.mobicoop.fr\/\" target=\"_blank\" rel=\"noreferrer noopener\">MOBICOOP<\/a><\/strong><\/figcaption><\/figure>\n<\/div>\n\n\n<p class=\"has-text-align-center\"><\/p>\n","protected":false},"excerpt":{"rendered":"<p>de Paris :prendre l\u2019A10 puis l\u2019A71 jusqu\u2019\u00e0 Vierzon. Poursuivre par l\u2019A20, direction Toulouse jusqu\u2019\u00e0 la sortie Souillac (sortie<\/p>\n","protected":false},"author":1,"featured_media":5351,"parent":508,"menu_order":0,"comment_status":"closed","ping_status":"closed","template":"","meta":{"om_disable_all_campaigns":false,"cybocfi_hide_featured_image":"","_vp_format_video_url":"","_vp_image_focal_point":[],"footnotes":""},"class_list":["post-514","page","type-page","status-publish","has-post-thumbnail","hentry"],"_links":{"self":[{"href":"https:\/\/www.souillacenjazz.fr\/new\/wp-json\/wp\/v2\/pages\/514","targetHints":{"allow":["GET"]}}],"collection":[{"href":"https:\/\/www.souillacenjazz.fr\/new\/wp-json\/wp\/v2\/pages"}],"about":[{"href":"https:\/\/www.souillacenjazz.fr\/new\/wp-json\/wp\/v2\/types\/page"}],"author":[{"embeddable":true,"href":"https:\/\/www.souillacenjazz.fr\/new\/wp-json\/wp\/v2\/users\/1"}],"replies":[{"embeddable":true,"href":"https:\/\/www.souillacenjazz.fr\/new\/wp-json\/wp\/v2\/comments?post=514"}],"version-history":[{"count":10,"href":"https:\/\/www.souillacenjazz.fr\/new\/wp-json\/wp\/v2\/pages\/514\/revisions"}],"predecessor-version":[{"id":5352,"href":"https:\/\/www.souillacenjazz.fr\/new\/wp-json\/wp\/v2\/pages\/514\/revisions\/5352"}],"up":[{"embeddable":true,"href":"https:\/\/www.souillacenjazz.fr\/new\/wp-json\/wp\/v2\/pages\/508"}],"wp:featuredmedia":[{"embeddable":true,"href":"https:\/\/www.souillacenjazz.fr\/new\/wp-json\/wp\/v2\/media\/5351"}],"wp:attachment":[{"href":"https:\/\/www.souillacenjazz.fr\/new\/wp-json\/wp\/v2\/media?parent=514"}],"curies":[{"name":"wp","href":"https:\/\/api.w.org\/{rel}","templated":true}]}}