{"id":508,"date":"2022-02-28T18:33:37","date_gmt":"2022-02-28T17:33:37","guid":{"rendered":"https:\/\/www.souillacenjazz.fr\/new\/?page_id=508"},"modified":"2023-02-21T11:43:45","modified_gmt":"2023-02-21T10:43:45","slug":"venir-au-festival","status":"publish","type":"page","link":"https:\/\/www.souillacenjazz.fr\/new\/venir-au-festival\/","title":{"rendered":"Venir au Festival"},"content":{"rendered":"\n<p>Site accessible aux Personnes \u00e0 Mobilit\u00e9 R\u00e9duite. <br>Bornes \u00e9lectriques et racks \u00e0 v\u00e9los disponibles \u00e0 proximit\u00e9.<br><\/p>\n","protected":false},"excerpt":{"rendered":"<p>Site accessible aux Personnes \u00e0 Mobilit\u00e9 R\u00e9duite. Bornes \u00e9lectriques et racks \u00e0 v\u00e9los disponibles \u00e0 proximit\u00e9.<\/p>\n","protected":false},"author":1,"featured_media":0,"parent":0,"menu_order":0,"comment_status":"closed","ping_status":"closed","template":"","meta":{"om_disable_all_campaigns":false,"cybocfi_hide_featured_image":"","_vp_format_video_url":"","_vp_image_focal_point":[],"footnotes":""},"class_list":["post-508","page","type-page","status-publish","hentry"],"_links":{"self":[{"href":"https:\/\/www.souillacenjazz.fr\/new\/wp-json\/wp\/v2\/pages\/508","targetHints":{"allow":["GET"]}}],"collection":[{"href":"https:\/\/www.souillacenjazz.fr\/new\/wp-json\/wp\/v2\/pages"}],"about":[{"href":"https:\/\/www.souillacenjazz.fr\/new\/wp-json\/wp\/v2\/types\/page"}],"author":[{"embeddable":true,"href":"https:\/\/www.souillacenjazz.fr\/new\/wp-json\/wp\/v2\/users\/1"}],"replies":[{"embeddable":true,"href":"https:\/\/www.souillacenjazz.fr\/new\/wp-json\/wp\/v2\/comments?post=508"}],"version-history":[{"count":7,"href":"https:\/\/www.souillacenjazz.fr\/new\/wp-json\/wp\/v2\/pages\/508\/revisions"}],"predecessor-version":[{"id":3387,"href":"https:\/\/www.souillacenjazz.fr\/new\/wp-json\/wp\/v2\/pages\/508\/revisions\/3387"}],"wp:attachment":[{"href":"https:\/\/www.souillacenjazz.fr\/new\/wp-json\/wp\/v2\/media?parent=508"}],"curies":[{"name":"wp","href":"https:\/\/api.w.org\/{rel}","templated":true}]}}