{"id":479,"date":"2022-02-28T16:38:18","date_gmt":"2022-02-28T15:38:18","guid":{"rendered":"https:\/\/www.souillacenjazz.fr\/new\/?page_id=479"},"modified":"2025-04-09T18:37:18","modified_gmt":"2025-04-09T16:37:18","slug":"ou-manger","status":"publish","type":"page","link":"https:\/\/www.souillacenjazz.fr\/new\/hebergement-restauration\/ou-manger\/","title":{"rendered":"O\u00f9 manger ?"},"content":{"rendered":"\n<figure class=\"wp-block-image alignfull size-full\"><img loading=\"lazy\" decoding=\"async\" width=\"600\" height=\"460\" src=\"https:\/\/www.souillacenjazz.fr\/new\/wp-content\/uploads\/2025\/04\/restaurant.webp\" alt=\"\" class=\"wp-image-5342\" srcset=\"https:\/\/www.souillacenjazz.fr\/new\/wp-content\/uploads\/2025\/04\/restaurant.webp 600w, https:\/\/www.souillacenjazz.fr\/new\/wp-content\/uploads\/2025\/04\/restaurant-300x230.webp 300w, https:\/\/www.souillacenjazz.fr\/new\/wp-content\/uploads\/2025\/04\/restaurant-500x383.webp 500w\" sizes=\"auto, (max-width: 600px) 100vw, 600px\" \/><\/figure>\n\n\n\n<h2 class=\"wp-block-heading\">Les bonnes tables du secteur \u2026<\/h2>\n\n\n\n<p>A Souillac, vous \u00eates au c\u0153ur d&#8217;un pays dont la gastronomie est r\u00e9put\u00e9e.<br>Confits, foies gras, c\u00e8pes, vieille prune, etc.<\/p>\n\n\n\n<p>N&#8217;h\u00e9sitez pas \u00e0 vous faire plaisir \u2026<\/p>\n\n\n\n<p><a href=\"https:\/\/www.souillac.fr\/category-lieux\/restaurants\/\" target=\"_blank\" rel=\"noreferrer noopener\">https:\/\/www.souillac.fr\/category-lieux\/restaurants\/<\/a><\/p>\n\n\n\n<p><a href=\"https:\/\/www.vallee-dordogne.com\/preparer-mon-voyage\/deguster\" target=\"_blank\" rel=\"noreferrer noopener\">https:\/\/www.vallee-dordogne.com\/preparer-mon-voyage\/deguster<\/a><\/p>\n\n\n\n<p><\/p>\n","protected":false},"excerpt":{"rendered":"<p>Les bonnes tables du secteur \u2026 A Souillac, vous \u00eates au c\u0153ur d&#8217;un pays dont la gastronomie est<\/p>\n","protected":false},"author":1,"featured_media":5343,"parent":474,"menu_order":0,"comment_status":"closed","ping_status":"closed","template":"","meta":{"om_disable_all_campaigns":false,"cybocfi_hide_featured_image":"","_vp_format_video_url":"","_vp_image_focal_point":[],"footnotes":""},"class_list":["post-479","page","type-page","status-publish","has-post-thumbnail","hentry"],"_links":{"self":[{"href":"https:\/\/www.souillacenjazz.fr\/new\/wp-json\/wp\/v2\/pages\/479","targetHints":{"allow":["GET"]}}],"collection":[{"href":"https:\/\/www.souillacenjazz.fr\/new\/wp-json\/wp\/v2\/pages"}],"about":[{"href":"https:\/\/www.souillacenjazz.fr\/new\/wp-json\/wp\/v2\/types\/page"}],"author":[{"embeddable":true,"href":"https:\/\/www.souillacenjazz.fr\/new\/wp-json\/wp\/v2\/users\/1"}],"replies":[{"embeddable":true,"href":"https:\/\/www.souillacenjazz.fr\/new\/wp-json\/wp\/v2\/comments?post=479"}],"version-history":[{"count":21,"href":"https:\/\/www.souillacenjazz.fr\/new\/wp-json\/wp\/v2\/pages\/479\/revisions"}],"predecessor-version":[{"id":5344,"href":"https:\/\/www.souillacenjazz.fr\/new\/wp-json\/wp\/v2\/pages\/479\/revisions\/5344"}],"up":[{"embeddable":true,"href":"https:\/\/www.souillacenjazz.fr\/new\/wp-json\/wp\/v2\/pages\/474"}],"wp:featuredmedia":[{"embeddable":true,"href":"https:\/\/www.souillacenjazz.fr\/new\/wp-json\/wp\/v2\/media\/5343"}],"wp:attachment":[{"href":"https:\/\/www.souillacenjazz.fr\/new\/wp-json\/wp\/v2\/media?parent=479"}],"curies":[{"name":"wp","href":"https:\/\/api.w.org\/{rel}","templated":true}]}}