{"id":2150,"date":"2022-04-12T00:29:10","date_gmt":"2022-04-11T22:29:10","guid":{"rendered":"https:\/\/www.souillacenjazz.fr\/new\/?page_id=2150"},"modified":"2022-04-12T00:29:11","modified_gmt":"2022-04-11T22:29:11","slug":"politique-de-confidentialite-2","status":"publish","type":"page","link":"https:\/\/www.souillacenjazz.fr\/new\/politique-de-confidentialite-2\/","title":{"rendered":"Politique de confidentialit\u00e9"},"content":{"rendered":"\n<p><strong>\u2192 Donn\u00e9es Personnelles<\/strong><\/p>\n\n\n\n<p>Nous, ASSOCIATION POUR LE FESTIVAL DE JAZZ \u00ab SIM COPANS \u00bb DE SOUILLAC (\u201cnous\u201d), prenons la protection des donn\u00e9es et le respect de votre vie priv\u00e9e tr\u00e8s au s\u00e9rieux. Nous collectons, traitons et utilisons vos donn\u00e9es personnelles apr\u00e8s avoir recueilli votre consentement pr\u00e9alable ou toute autre base l\u00e9gale conforme au R\u00e8glement G\u00e9n\u00e9ral Europ\u00e9en sur la Protection des Donn\u00e9es (\u00ab RGPD \u00bb) et la loi applicable en mati\u00e8re de protection des donn\u00e9es en France.<\/p>\n\n\n\n<p>Les Donn\u00e9es Personnelles qui sont collect\u00e9es sont absolument n\u00e9cessaires \u00e0 la bonne poursuite de notre relation commerciale ou sont celles que vous nous avez fourni avec votre accord.<\/p>\n\n\n\n<p>Par Donn\u00e9es Personnelles on entend les donn\u00e9es portant sur des informations sp\u00e9cifiques li\u00e9es \u00e0 la personne ou \u00e0 la relation existante tel que le nom, l\u2019adresse, l\u2019adresse m\u00e9l, et le n\u00b0 de t\u00e9l\u00e9phone.<\/p>\n\n\n\n<p><strong>\u2192 Acc\u00e8s et effacement<\/strong><\/p>\n\n\n\n<p>Vous avez \u00e0 tout moment le droit d\u2019acc\u00e9der \u00e0 vos donn\u00e9es personnelles qui sont stock\u00e9es, \u00e0 leurs origines et \u00e0 leurs destinataires, l\u2019objet de leur traitement mais \u00e9galement le droit de rectification, \u00e0 la portabilit\u00e9 des donn\u00e9es, \u00e0 la limitation du traitement des donn\u00e9es et \u00e0 l\u2019oubli de toutes donn\u00e9es inexactes ou ill\u00e9gitimes trait\u00e9es.<\/p>\n\n\n\n<p>Nous vous prions de nous indiquer tout changement dans vos donn\u00e9es personnelles.<\/p>\n\n\n\n<p>Vous \u00eates en droit de demander le retrait de tout consentement donn\u00e9 concernant le traitement de vos donn\u00e9es personnelles et ce \u00e0 tout moment. Votre demande d\u2019acc\u00e8s, d\u2019effacement, de rectification, de limitation du traitement et\/ou de portabilit\u00e9 des donn\u00e9es, sous r\u00e9serve que ce dernier n\u2019implique pas un effort disproportionn\u00e9, peut \u00eatre adress\u00e9 aux personnes de contact list\u00e9es dans l\u2019article \u00ab&nbsp;Coordonn\u00e9es de contact&nbsp;\u00bb de cette d\u00e9claration.<\/p>\n\n\n\n<p>Si vous pensez que le traitement que nous faisons de vos donn\u00e9es personnelles enfreint la l\u00e9gislation sur la protection des donn\u00e9es ou que vos droits \u00e0 la protection de vos donn\u00e9es ont \u00e9t\u00e9 transgress\u00e9s de quelle que mani\u00e8re que ce soit, vous avez le droit de d\u00e9poser plainte aupr\u00e8s de l\u2019autorit\u00e9 de contr\u00f4le comp\u00e9tente. L\u2019autorit\u00e9 de contr\u00f4le comp\u00e9tente en mati\u00e8re de protection des donn\u00e9es en France est la Commission Nationale de l\u2019Informatique et des Libert\u00e9s (\u00ab CNIL \u00bb).<\/p>\n\n\n\n<p><strong>\u2192 Confidentialit\u00e9 des Donn\u00e9es<\/strong><\/p>\n\n\n\n<p>Nous prenons toutes les mesures organisationnelles et techniques afin de prot\u00e9ger vos donn\u00e9es personnelles. Ces mesures visent principalement \u00e0 se pr\u00e9munir d\u2019acc\u00e8s non autoris\u00e9s, illicites, y compris les acc\u00e8s, traitement, perte, utilisation et manipulation accidentels. En d\u00e9pit de tous nos efforts pour constamment maintenir un juste et haut niveau d\u2019exigence de ces mesures de protection des donn\u00e9es, nous ne pouvons \u00e9carter le risque que les informations que vous mettez \u00e0 notre disposition par le biais d\u2019Internet soient vues ou utilis\u00e9es par des tierces parties.<\/p>\n\n\n\n<p>C\u2019est pourquoi, vous \u00eates inform\u00e9s, que nous n\u2019assumons aucune responsabilit\u00e9 quant \u00e0 la divulgation d\u2019informations dues \u00e0 des erreurs de transmissions de donn\u00e9es qui ne seraient pas de notre fait et\/ou li\u00e9e \u00e0 l\u2019acc\u00e8s non autoris\u00e9es des tierces parties (par ex : piratage informatique des messageries informatiques ou du t\u00e9l\u00e9phone, et interception de fax).<\/p>\n\n\n\n<p><strong>\u2192 Utilisation des Donn\u00e9es<\/strong><\/p>\n\n\n\n<p>Nous traiterons les donn\u00e9es transmises \u00e0 des fins marketing, pour l\u2019envoi de lettre d\u2019information et pour vous contacter par courriel et t\u00e9l\u00e9phone et pour tous les usages et destinations pour lesquels vous avez donn\u00e9 votre consentement ou qui entrent dans le champ d\u2019application de RGDP. L\u2019utilisation \u00e0 des fins statistiques n\u2019entre pas dans cette utilisation si les donn\u00e9es transmises ont \u00e9t\u00e9 rendues anonymes.<\/p>\n\n\n\n<p><strong>\u2192 Transmission de Donn\u00e9es \u00e0 des tierces parties<\/strong><\/p>\n\n\n\n<p>Afin de satisfaire votre commande il peut \u00eatre n\u00e9cessaire ou requis par la Loi, de transf\u00e9rer vos donn\u00e9es \u00e0 des tierces parties (par ex : \u00e0 des prestataires de service que nous employons et \u00e0 qui nous pouvons donner acc\u00e8s \u00e0 vos donn\u00e9es, etc.), des tribunaux et les pouvoirs publiques. Le transfert de vos donn\u00e9es se fera conform\u00e9ment au RGPD, plus particuli\u00e8rement pour satisfaire votre commande ou sur base de votre consentement pr\u00e9alable.<\/p>\n\n\n\n<p>Certains destinataires de vos donn\u00e9es personnelles sont situ\u00e9s ou traitent vos donn\u00e9es hors de votre pays. Le niveau de protection de donn\u00e9es dans les autres pays peut ne pas \u00eatre \u00e9quivalent \u00e0 celui existant dans votre pays. Toutefois, nous transf\u00e9rons vos donn\u00e9es personnelles uniquement vers les pays dans lesquels la Commission Europ\u00e9enne a constat\u00e9 un niveau satisfaisant de protection de vos donn\u00e9es personnelles ou qui mettent en \u0153uvre les mesures n\u00e9cessaires afin de garantir que tous les destinataires b\u00e9n\u00e9ficient d\u2019un niveau satisfaisant de protection des donn\u00e9es personnelles.<\/p>\n\n\n\n<p><strong>\u2192 Communication de Violation de Donn\u00e9es<\/strong><\/p>\n\n\n\n<p>Nous mettons tout en \u0153uvre pour d\u00e9tecter le plus rapidement possible les violations de donn\u00e9es et les cas \u00e9ch\u00e9ant les communiquer comme il se doit, en tenant compte des types de donn\u00e9es, \u00e0 vous ou \u00e0 l\u2019autorit\u00e9 de contr\u00f4le comp\u00e9tente.<\/p>\n\n\n\n<p><strong>\u2192 Conservation des Donn\u00e9es<\/strong><\/p>\n\n\n\n<p>Conform\u00e9ment \u00e0 l\u2019article 5 du RGPD, nous ne stockerons pas de donn\u00e9es au-del\u00e0 du d\u00e9lai n\u00e9cessaire \u00e0 l\u2019accomplissement de notre contrat ou de nos obligations l\u00e9gales et pour nous d\u00e9fendre de toute plainte en responsabilit\u00e9.<\/p>\n\n\n\n<p><strong>\u2192 Coordonn\u00e9es de contact<\/strong><\/p>\n\n\n\n<p>Toutes questions ou demandes relatives au traitement des donn\u00e9es personnelles, peuvent \u00eatre adress\u00e9es ASSOCIATION POUR LE FESTIVAL DE JAZZ \u00ab SIM COPANS \u00bb DE SOUILLAC: <a href=\"mailto:robert.peyrillou@souillacenjazz.fr\">robert.peyrillou@souillacenjazz.fr<\/a><\/p>\n\n\n\n<p><br><em>Mis \u00e0 jour le 11 avril 2022<\/em><\/p>\n","protected":false},"excerpt":{"rendered":"<p>\u2192 Donn\u00e9es Personnelles Nous, ASSOCIATION POUR LE FESTIVAL DE JAZZ \u00ab SIM COPANS \u00bb DE SOUILLAC (\u201cnous\u201d), prenons<\/p>\n","protected":false},"author":1,"featured_media":0,"parent":0,"menu_order":0,"comment_status":"closed","ping_status":"closed","template":"","meta":{"om_disable_all_campaigns":false,"cybocfi_hide_featured_image":"","_vp_format_video_url":"","_vp_image_focal_point":[],"footnotes":""},"class_list":["post-2150","page","type-page","status-publish","hentry"],"_links":{"self":[{"href":"https:\/\/www.souillacenjazz.fr\/new\/wp-json\/wp\/v2\/pages\/2150","targetHints":{"allow":["GET"]}}],"collection":[{"href":"https:\/\/www.souillacenjazz.fr\/new\/wp-json\/wp\/v2\/pages"}],"about":[{"href":"https:\/\/www.souillacenjazz.fr\/new\/wp-json\/wp\/v2\/types\/page"}],"author":[{"embeddable":true,"href":"https:\/\/www.souillacenjazz.fr\/new\/wp-json\/wp\/v2\/users\/1"}],"replies":[{"embeddable":true,"href":"https:\/\/www.souillacenjazz.fr\/new\/wp-json\/wp\/v2\/comments?post=2150"}],"version-history":[{"count":1,"href":"https:\/\/www.souillacenjazz.fr\/new\/wp-json\/wp\/v2\/pages\/2150\/revisions"}],"predecessor-version":[{"id":2151,"href":"https:\/\/www.souillacenjazz.fr\/new\/wp-json\/wp\/v2\/pages\/2150\/revisions\/2151"}],"wp:attachment":[{"href":"https:\/\/www.souillacenjazz.fr\/new\/wp-json\/wp\/v2\/media?parent=2150"}],"curies":[{"name":"wp","href":"https:\/\/api.w.org\/{rel}","templated":true}]}}