{"id":1924,"date":"2022-04-07T00:56:01","date_gmt":"2022-04-06T22:56:01","guid":{"rendered":"https:\/\/www.souillacenjazz.fr\/new\/?page_id=1924"},"modified":"2024-01-16T19:01:22","modified_gmt":"2024-01-16T18:01:22","slug":"direction-artistique-festival-off","status":"publish","type":"page","link":"https:\/\/www.souillacenjazz.fr\/new\/contacts\/direction-artistique-festival-off\/","title":{"rendered":"Direction artistique Festival Off"},"content":{"rendered":"\n<p>Merci de prendre contact entre septembre et octobre de chaque ann\u00e9e.<\/p>\n\n\n<div class=\"wp-block-image\">\n<figure class=\"alignleft size-medium\"><a href=\"http:\/\/www.souillacenjazz.fr\/new\/wp-content\/uploads\/2022\/04\/1384852027-9468.jpg\"><img loading=\"lazy\" decoding=\"async\" width=\"300\" height=\"229\" src=\"https:\/\/www.souillacenjazz.fr\/new\/wp-content\/uploads\/2022\/04\/1384852027-9468-300x229.jpg\" alt=\"\" class=\"wp-image-1925\" srcset=\"https:\/\/www.souillacenjazz.fr\/new\/wp-content\/uploads\/2022\/04\/1384852027-9468-300x229.jpg 300w, https:\/\/www.souillacenjazz.fr\/new\/wp-content\/uploads\/2022\/04\/1384852027-9468-768x587.jpg 768w, https:\/\/www.souillacenjazz.fr\/new\/wp-content\/uploads\/2022\/04\/1384852027-9468-500x382.jpg 500w, https:\/\/www.souillacenjazz.fr\/new\/wp-content\/uploads\/2022\/04\/1384852027-9468.jpg 785w\" sizes=\"auto, (max-width: 300px) 100vw, 300px\" \/><\/a><\/figure>\n<\/div>\n\n\n<p><strong>par mail<\/strong><br><a href=\"mailto:animation@souillacenjazz.fr\">animation@souillacenjazz.fr<\/a><\/p>\n\n\n\n<p><strong>par courrier<\/strong><br>Souillac en jazz<br>BP 10016<br>46200 Souillac<\/p>\n\n\n\n<div class=\"wp-block-group Sep_acide\"><div class=\"wp-block-group__inner-container is-layout-flow wp-block-group-is-layout-flow\">\n<div class=\"wp-block-blockspare-shape-divider alignfull blockspare-f20997f7-1810-4\"><style>.blockspare-f20997f7-1810-4 .blockspare-svg-wrapper{color:#d25829;height:30px;padding-top:0px;padding-right:0px;padding-bottom:0px;padding-left:0px;margin-top:-30px;margin-bottom:0px}<\/style><div class=\"blockspare-blocks blockspare-svg-wrapper is-vertically-flipped has-width-1\"><div class=\"blockspare-svg-svg-inner blockspare-separator-wrapper\"><svg class=\"grow\" preserveAspectRatio=\"none\" aria-hidden=\"true\" xmlns=\"http:\/\/www.w3.org\/2000\/svg\" viewBox=\"0 0 630 80\"><path class=\"st1\" d=\"M261.2 64.9C367.6 54.7 499.6 39.7 630 18.5V0C497.8 31.4 363.7 52 261.2 64.9z\"><\/path><path class=\"st2\" d=\"M261.2 64.9c-41 3.9-78.2 7.1-110 9.6 13.2-.4 27-.9 41.5-1.6C315 67.7 478.4 59.4 630 34.8V18.5C499.1 39.8 367.3 54.8 261.2 64.9z\"><\/path><path d=\"M192.7 72.9c-14.5.7-28.3 1.2-41.5 1.6C59.9 77.7 0 77.4 0 77.4V80h630V33.8C478.4 58.4 315 67.7 192.7 72.9z\"><\/path><\/svg><\/div><\/div><\/div>\n<\/div><\/div>\n\n\n\n<p>La programmation OFF (cf archives) comprend l&#8217;ensemble des concerts en journ\u00e9e \u00e0 Souillac (vous jouez sur les places pi\u00e9tonnes et d\u00e9ambulez dans les rues pour les fanfares de poche) ainsi que les concerts programm\u00e9s dans des localit\u00e9s voisines et le concert en soir\u00e9e \u00e0 Pinsac.<\/p>\n\n\n\n<p>Nous ne fournissons pas de backline, ni de sonorisation.<\/p>\n","protected":false},"excerpt":{"rendered":"<p>Merci de prendre contact entre septembre et octobre de chaque ann\u00e9e. par mailanimation@souillacenjazz.fr par courrierSouillac en jazzBP 1001646200<\/p>\n","protected":false},"author":1,"featured_media":1925,"parent":1905,"menu_order":0,"comment_status":"closed","ping_status":"closed","template":"","meta":{"om_disable_all_campaigns":false,"cybocfi_hide_featured_image":"","_vp_format_video_url":"","_vp_image_focal_point":[],"footnotes":""},"class_list":["post-1924","page","type-page","status-publish","has-post-thumbnail","hentry"],"_links":{"self":[{"href":"https:\/\/www.souillacenjazz.fr\/new\/wp-json\/wp\/v2\/pages\/1924","targetHints":{"allow":["GET"]}}],"collection":[{"href":"https:\/\/www.souillacenjazz.fr\/new\/wp-json\/wp\/v2\/pages"}],"about":[{"href":"https:\/\/www.souillacenjazz.fr\/new\/wp-json\/wp\/v2\/types\/page"}],"author":[{"embeddable":true,"href":"https:\/\/www.souillacenjazz.fr\/new\/wp-json\/wp\/v2\/users\/1"}],"replies":[{"embeddable":true,"href":"https:\/\/www.souillacenjazz.fr\/new\/wp-json\/wp\/v2\/comments?post=1924"}],"version-history":[{"count":3,"href":"https:\/\/www.souillacenjazz.fr\/new\/wp-json\/wp\/v2\/pages\/1924\/revisions"}],"predecessor-version":[{"id":4690,"href":"https:\/\/www.souillacenjazz.fr\/new\/wp-json\/wp\/v2\/pages\/1924\/revisions\/4690"}],"up":[{"embeddable":true,"href":"https:\/\/www.souillacenjazz.fr\/new\/wp-json\/wp\/v2\/pages\/1905"}],"wp:featuredmedia":[{"embeddable":true,"href":"https:\/\/www.souillacenjazz.fr\/new\/wp-json\/wp\/v2\/media\/1925"}],"wp:attachment":[{"href":"https:\/\/www.souillacenjazz.fr\/new\/wp-json\/wp\/v2\/media?parent=1924"}],"curies":[{"name":"wp","href":"https:\/\/api.w.org\/{rel}","templated":true}]}}