{"id":1907,"date":"2022-04-06T23:10:04","date_gmt":"2022-04-06T21:10:04","guid":{"rendered":"https:\/\/www.souillacenjazz.fr\/new\/?page_id=1907"},"modified":"2022-04-09T14:44:23","modified_gmt":"2022-04-09T12:44:23","slug":"direction-artistique-festival-in","status":"publish","type":"page","link":"https:\/\/www.souillacenjazz.fr\/new\/contacts\/direction-artistique-festival-in\/","title":{"rendered":"Direction artistique Festival In"},"content":{"rendered":"\n<p>Merci de contacter Robert Peyrillou entre septembre et octobre de chaque ann\u00e9e.<\/p>\n\n\n\n<div class=\"wp-block-image\"><figure class=\"alignleft size-medium\"><a href=\"https:\/\/www.souillacenjazz.fr\/new\/wp-content\/uploads\/2022\/04\/1326839884.jpg\"><img loading=\"lazy\" decoding=\"async\" width=\"300\" height=\"265\" src=\"https:\/\/www.souillacenjazz.fr\/new\/wp-content\/uploads\/2022\/04\/1326839884-300x265.jpg\" alt=\"\" class=\"wp-image-1910\" srcset=\"https:\/\/www.souillacenjazz.fr\/new\/wp-content\/uploads\/2022\/04\/1326839884-300x265.jpg 300w, https:\/\/www.souillacenjazz.fr\/new\/wp-content\/uploads\/2022\/04\/1326839884.jpg 490w\" sizes=\"auto, (max-width: 300px) 100vw, 300px\" \/><\/a><\/figure><\/div>\n\n\n\n<p><strong>par mail<\/strong><br><a href=\"mailto:robert.peyrillou@souillacenjazz.fr\">robert.peyrillou@souillacenjazz.fr<\/a><\/p>\n\n\n\n<p><strong>par t\u00e9l\u00e9phone<\/strong><br>06 87 57 69 92<\/p>\n\n\n\n<p><strong>par courrier<\/strong><br>Souillac en jazz<br>BP 10016<br>46200 Souillac<\/p>\n\n\n\n<div class=\"wp-block-group Sep_acide\"><div class=\"wp-block-group__inner-container is-layout-flow wp-block-group-is-layout-flow\">\n<div class=\"wp-block-blockspare-shape-divider alignfull blockspare-f20997f7-1810-4\"><style>.blockspare-f20997f7-1810-4 .blockspare-svg-wrapper{color:#d25829;height:30px;padding-top:0px;padding-right:0px;padding-bottom:0px;padding-left:0px;margin-top:-30px;margin-bottom:0px}<\/style><div class=\"blockspare-blocks blockspare-svg-wrapper is-vertically-flipped has-width-1\"><div class=\"blockspare-svg-svg-inner blockspare-separator-wrapper\"><svg class=\"grow\" preserveAspectRatio=\"none\" aria-hidden=\"true\" xmlns=\"http:\/\/www.w3.org\/2000\/svg\" viewBox=\"0 0 630 80\"><path class=\"st1\" d=\"M261.2 64.9C367.6 54.7 499.6 39.7 630 18.5V0C497.8 31.4 363.7 52 261.2 64.9z\"><\/path><path class=\"st2\" d=\"M261.2 64.9c-41 3.9-78.2 7.1-110 9.6 13.2-.4 27-.9 41.5-1.6C315 67.7 478.4 59.4 630 34.8V18.5C499.1 39.8 367.3 54.8 261.2 64.9z\"><\/path><path d=\"M192.7 72.9c-14.5.7-28.3 1.2-41.5 1.6C59.9 77.7 0 77.4 0 77.4V80h630V33.8C478.4 58.4 315 67.7 192.7 72.9z\"><\/path><\/svg><\/div><\/div><\/div>\n<\/div><\/div>\n\n\n\n<p>La programmation IN (cf archives) comprend 1 concert le dimanche en fin d&#8217;apr\u00e8s-midi \u00e0 Cal\u00e8s, 1 concert le mardi en soir\u00e9e dans les grottes de Lacave (temp\u00e9rature constante 14\u00b0 et taux d&#8217;humidit\u00e9 90%) et 3 soir\u00e9es en plein air \u00e0 Souillac, les jeudi, vendredi et samedi.<\/p>\n","protected":false},"excerpt":{"rendered":"<p>Merci de contacter Robert Peyrillou entre septembre et octobre de chaque ann\u00e9e. par mailrobert.peyrillou@souillacenjazz.fr par t\u00e9l\u00e9phone06 87 57<\/p>\n","protected":false},"author":1,"featured_media":1910,"parent":1905,"menu_order":0,"comment_status":"closed","ping_status":"closed","template":"","meta":{"om_disable_all_campaigns":false,"cybocfi_hide_featured_image":"","_vp_format_video_url":"","_vp_image_focal_point":[],"footnotes":""},"class_list":["post-1907","page","type-page","status-publish","has-post-thumbnail","hentry"],"_links":{"self":[{"href":"https:\/\/www.souillacenjazz.fr\/new\/wp-json\/wp\/v2\/pages\/1907","targetHints":{"allow":["GET"]}}],"collection":[{"href":"https:\/\/www.souillacenjazz.fr\/new\/wp-json\/wp\/v2\/pages"}],"about":[{"href":"https:\/\/www.souillacenjazz.fr\/new\/wp-json\/wp\/v2\/types\/page"}],"author":[{"embeddable":true,"href":"https:\/\/www.souillacenjazz.fr\/new\/wp-json\/wp\/v2\/users\/1"}],"replies":[{"embeddable":true,"href":"https:\/\/www.souillacenjazz.fr\/new\/wp-json\/wp\/v2\/comments?post=1907"}],"version-history":[{"count":5,"href":"https:\/\/www.souillacenjazz.fr\/new\/wp-json\/wp\/v2\/pages\/1907\/revisions"}],"predecessor-version":[{"id":2125,"href":"https:\/\/www.souillacenjazz.fr\/new\/wp-json\/wp\/v2\/pages\/1907\/revisions\/2125"}],"up":[{"embeddable":true,"href":"https:\/\/www.souillacenjazz.fr\/new\/wp-json\/wp\/v2\/pages\/1905"}],"wp:featuredmedia":[{"embeddable":true,"href":"https:\/\/www.souillacenjazz.fr\/new\/wp-json\/wp\/v2\/media\/1910"}],"wp:attachment":[{"href":"https:\/\/www.souillacenjazz.fr\/new\/wp-json\/wp\/v2\/media?parent=1907"}],"curies":[{"name":"wp","href":"https:\/\/api.w.org\/{rel}","templated":true}]}}

<p>Merci de contacter Robert Peyrillou entre septembre et octobre de chaque année.</p>



<div class="wp-block-image"><figure class="alignleft size-medium"><a href="https://www.souillacenjazz.fr/new/wp-content/uploads/2022/04/1326839884.jpg"><img loading="lazy" decoding="async" width="300" height="265" src="https://www.souillacenjazz.fr/new/wp-content/uploads/2022/04/1326839884-300x265.jpg" alt="" class="wp-image-1910" srcset="https://www.souillacenjazz.fr/new/wp-content/uploads/2022/04/1326839884-300x265.jpg 300w, https://www.souillacenjazz.fr/new/wp-content/uploads/2022/04/1326839884.jpg 490w" sizes="auto, (max-width: 300px) 100vw, 300px" /></a></figure></div>



<p><strong>par mail</strong><br><a href="mailto:robert.peyrillou@souillacenjazz.fr">robert.peyrillou@souillacenjazz.fr</a></p>



<p><strong>par téléphone</strong><br>06 87 57 69 92</p>



<p><strong>par courrier</strong><br>Souillac en jazz<br>BP 10016<br>46200 Souillac</p>



<div class="wp-block-group Sep_acide"><div class="wp-block-group__inner-container is-layout-flow wp-block-group-is-layout-flow">
<div class="wp-block-blockspare-shape-divider alignfull blockspare-f20997f7-1810-4"><style>.blockspare-f20997f7-1810-4 .blockspare-svg-wrapper{color:#d25829;height:30px;padding-top:0px;padding-right:0px;padding-bottom:0px;padding-left:0px;margin-top:-30px;margin-bottom:0px}</style><div class="blockspare-blocks blockspare-svg-wrapper is-vertically-flipped has-width-1"><div class="blockspare-svg-svg-inner blockspare-separator-wrapper"><svg class="grow" preserveAspectRatio="none" aria-hidden="true" xmlns="http://www.w3.org/2000/svg" viewBox="0 0 630 80"><path class="st1" d="M261.2 64.9C367.6 54.7 499.6 39.7 630 18.5V0C497.8 31.4 363.7 52 261.2 64.9z"></path><path class="st2" d="M261.2 64.9c-41 3.9-78.2 7.1-110 9.6 13.2-.4 27-.9 41.5-1.6C315 67.7 478.4 59.4 630 34.8V18.5C499.1 39.8 367.3 54.8 261.2 64.9z"></path><path d="M192.7 72.9c-14.5.7-28.3 1.2-41.5 1.6C59.9 77.7 0 77.4 0 77.4V80h630V33.8C478.4 58.4 315 67.7 192.7 72.9z"></path></svg></div></div></div>
</div></div>



<p>La programmation IN (cf archives) comprend 1 concert le dimanche en fin d&#8217;après-midi à Calès, 1 concert le mardi en soirée dans les grottes de Lacave (température constante 14° et taux d&#8217;humidité 90%) et 3 soirées en plein air à Souillac, les jeudi, vendredi et samedi.</p>

<p>Merci de contacter Robert Peyrillou entre septembre et octobre de chaque année. par mailrobert.peyrillou@souillacenjazz.fr par téléphone06 87 57</p>
