{"id":1199,"date":"2022-03-18T18:31:12","date_gmt":"2022-03-18T17:31:12","guid":{"rendered":"https:\/\/www.souillacenjazz.fr\/new\/?page_id=1199"},"modified":"2022-12-17T23:34:57","modified_gmt":"2022-12-17T22:34:57","slug":"que-dit-la-presse-en-2016","status":"publish","type":"page","link":"https:\/\/www.souillacenjazz.fr\/new\/autour-du-festival\/la-revue-de-presse\/que-dit-la-presse-en-2016\/","title":{"rendered":"Que dit la presse en 2016 ?"},"content":{"rendered":"<div class=\"wp-block-image\">\n<figure class=\"alignleft size-full is-resized\"><img loading=\"lazy\" decoding=\"async\" src=\"https:\/\/www.souillacenjazz.fr\/new\/wp-content\/uploads\/2022\/03\/1453824844-7863.jpg\" alt=\"\" class=\"wp-image-1200\" width=\"403\" height=\"555\" srcset=\"https:\/\/www.souillacenjazz.fr\/new\/wp-content\/uploads\/2022\/03\/1453824844-7863.jpg 436w, https:\/\/www.souillacenjazz.fr\/new\/wp-content\/uploads\/2022\/03\/1453824844-7863-218x300.jpg 218w\" sizes=\"auto, (max-width: 403px) 100vw, 403px\" \/><\/figure>\n<\/div>\n\n\n<p>Lu dans &#8220;<strong>La D\u00e9p\u00eache<\/strong>&#8221; :<br>&#8211; le 29\/01\/2016, Omar Sosa \u00e0 l&#8217;affiche du 41e Souillac en jazz &#8211;&gt; <a href=\"http:\/\/www.ladepeche.fr\/article\/2016\/01\/29\/2265943-omar-sosa-a-l-affiche-du-41e-souillac-en-jazz.html\" target=\"_blank\" rel=\"noreferrer noopener\"><strong>lire l&#8217;article<br><\/strong><\/a>&#8211; le 18\/03\/2016, L&#8217;Articomm s&#8217;associe au festival de jazz &#8211;&gt; <a href=\"http:\/\/www.ladepeche.fr\/article\/2016\/03\/18\/2306360-l-articomm-s-associe-au-festival-de-jazz.html\" target=\"_blank\" rel=\"noreferrer noopener\"><strong>lire l&#8217;article<\/strong><\/a> <a href=\"http:\/\/www.ladepeche.fr\/article\/2016\/01\/29\/2265943-omar-sosa-a-l-affiche-du-41e-souillac-en-jazz.html\" target=\"_blank\" rel=\"noreferrer noopener\"><\/a>&#8211; le 01\/04\/2016, Le jazz fait \u00e9cho \u00e0 Abdullah Ibrahim &#8211;&gt; <strong><a href=\"http:\/\/www.ladepeche.fr\/article\/2016\/04\/01\/2315733-le-jazz-fait-echo-a-abdullah-ibrahim.html\" target=\"_blank\" rel=\"noreferrer noopener\">lire l&#8217;article<\/a><\/strong><br>&#8211; le 14\/04\/2016,&nbsp;Didier Labb\u00e9 Quartet a fait \u00e9cho au Mozart africain &#8211;&gt; <strong><a href=\"http:\/\/www.ladepeche.fr\/article\/2016\/04\/14\/2325030-didier-labbe-quartet-a-fait-echo-au-mozart-africain.html\" target=\"_blank\" rel=\"noreferrer noopener\">lirel&#8217;article<\/a><\/strong> &#8211; le 15\/05\/2016,&nbsp;Du jazz plein les jambes et le regard &#8211;&gt;<a href=\"http:\/\/www.ladepeche.fr\/article\/2016\/05\/15\/2344679-du-jazz-plein-les-jambes-et-le-regard.html\" target=\"_blank\" rel=\"noreferrer noopener\"><strong> lire l&#8217;article<br><\/strong><\/a>&#8211; le 30\/05\/2016, Le jazz s&#8217;approprie la rue et se savoure &#8211;&gt; <a href=\"http:\/\/www.ladepeche.fr\/article\/2016\/05\/30\/2354677-le-jazz-s-approprie-la-rue-et-se-savoure.html\" target=\"_blank\" rel=\"noreferrer noopener\"><strong>lire l&#8217;article<br><\/strong><\/a>&#8211; le 14\/06\/2016, Le jazz investit les grottes de Lacave &#8211;&gt;<a href=\"http:\/\/www.ladepeche.fr\/article\/2016\/06\/14\/2364890-le-jazz-investit-les-grottes-de-lacave.html\" target=\"_blank\" rel=\"noreferrer noopener\"><strong> lire l&#8217;article<\/strong><\/a><a href=\"http:\/\/www.ladepeche.fr\/article\/2016\/05\/30\/2354677-le-jazz-s-approprie-la-rue-et-se-savoure.html\" target=\"_blank\" rel=\"noreferrer noopener\"><strong><br><\/strong><\/a>&#8211; le 21\/07\/2016, Un jazz de spiritualit\u00e9 et d&#8217;enthousiasme &#8211;&gt; <strong><a href=\"http:\/\/www.ladepeche.fr\/article\/2016\/06\/30\/2375883-un-jazz-de-spiritualite-et-d-enthousiasme.html\" target=\"_blank\" rel=\"noreferrer noopener\">lire l&#8217;article<\/a><\/strong><br>&#8211; le 07\/07\/2016, Avec Dave Douglas, le jazz abolit les fronti\u00e8res &#8211;&gt; <a href=\"http:\/\/www.ladepeche.fr\/article\/2016\/07\/07\/2380207-avec-dave-douglas-le-jazz-abolit-les-frontieres.html\" target=\"_blank\" rel=\"noreferrer noopener\"><strong>lire l&#8217;article<\/strong><\/a><br>&#8211; le 14\/07\/2016, Santeria cubaine et du vaudou ha\u00eftien &#8211;&gt; <a href=\"http:\/\/www.ladepeche.fr\/article\/2016\/07\/14\/2384470-santeria-cubaine-et-du-vaudou-haitien.html\" target=\"_blank\" rel=\"noreferrer noopener\"><strong>lire l&#8217;article<\/strong><\/a><br>&#8211; le 16\/07\/2016, Souillac se met sur son 41 pour le festival de jazz &#8211;&gt; <strong><a href=\"http:\/\/www.ladepeche.fr\/article\/2016\/07\/16\/2385795-souillac-met-41-festival-jazz.html\" target=\"_blank\" rel=\"noreferrer noopener\">lire l&#8217;article<\/a><\/strong><br>&#8211; le 17\/07\/2016, Le Wonder Brass Band en concert gratuit ce soir \u00e0 Pinsac &#8211;&gt; <a href=\"http:\/\/www.ladepeche.fr\/article\/2016\/07\/17\/2386029-wonder-brass-band-concert-gratuit-soir-pinsac.html\" target=\"_blank\" rel=\"noreferrer noopener\"><strong>lire l&#8217;article<\/strong><\/a><br>&#8211; le 17\/07\/2016, Fr\u00e9d\u00e9ric M\u00e9drano, le jazz en BD &#8211;&gt; <a href=\"http:\/\/www.ladepeche.fr\/article\/2016\/07\/17\/2385966-frederic-medrano-le-jazz-en-bd.html\" target=\"_blank\" rel=\"noreferrer noopener\"><strong>lire l&#8217;article<\/strong><\/a><br>&#8211; le 18\/07\/2016, Un jazz universel dans les grottes de Lacave &#8211;&gt; <a href=\"http:\/\/www.ladepeche.fr\/article\/2016\/07\/18\/2386435-un-jazz-universel-dans-les-grottes-de-lacave.html\" target=\"_blank\" rel=\"noreferrer noopener\"><strong>lire l&#8217;article<\/strong><\/a><br>&#8211; le 19\/07\/2016, Wonder Brass Band : le girl power arrive en fanfare &#8211;&gt; <a href=\"http:\/\/www.ladepeche.fr\/article\/2016\/07\/19\/2386915-wonder-brass-band-le-girl-power-arrive-en-fanfare.html\" target=\"_blank\" rel=\"noreferrer noopener\"><strong>lire l&#8217;article<\/strong><\/a><br>&#8211; le 20\/07\/2016, Le jazz se met \u00e0 table &#8211;&gt; <a href=\"http:\/\/www.ladepeche.fr\/article\/2016\/07\/20\/2387586-le-jazz-se-met-a-table.html\" target=\"_blank\" rel=\"noreferrer noopener\"><strong>lire l&#8217;article<\/strong><\/a><br>&#8211; le 21\/07\/2016, Room Bazar au march\u00e9 &#8211;&gt; <a href=\"http:\/\/www.ladepeche.fr\/article\/2016\/07\/21\/2388593-room-bazar-au-marche.html\" target=\"_blank\" rel=\"noreferrer noopener\"><strong>lire l&#8217;article<\/strong><\/a><br>&#8211; le 21\/07\/2016, Les chants gospel et jazz ont s\u00e9duit le public &#8211;&gt; <a href=\"http:\/\/www.ladepeche.fr\/article\/2016\/07\/21\/2388588-les-chants-gospel-et-jazz-ont-seduit-le-public.html\" target=\"_blank\" rel=\"noreferrer noopener\"><strong>lire l&#8217;article<\/strong><\/a><br>&#8211; le 22\/07\/2016, Toutes les saveurs du jazz dans la ville &#8211;&gt; <a href=\"http:\/\/www.ladepeche.fr\/article\/2016\/07\/22\/2389008-toutes-les-saveurs-du-jazz-dans-la-ville.html\" target=\"_blank\" rel=\"noreferrer noopener\"><strong>lire l&#8217;article<\/strong><\/a><br>&#8211; le 23\/07\/2016, La musique envo\u00fbtante de Sons of Kemet &#8211;&gt; <a href=\"http:\/\/www.ladepeche.fr\/article\/2016\/07\/23\/2389509-la-musique-envoutante-de-sons-of-kemet.html\" target=\"_blank\" rel=\"noreferrer noopener\"><strong>lire l&#8217;article<\/strong><\/a><br>&#8211; le 25\/07\/2016, Un souffle mystique a envelopp\u00e9 l&#8217;abbaye &#8211;&gt; <a href=\"http:\/\/www.ladepeche.fr\/article\/2016\/07\/25\/2390576-un-souffle-mystique-a-enveloppe-l-abbaye.html\" target=\"_blank\" rel=\"noreferrer noopener\"><strong>lire l&#8217;article<\/strong><\/a><br>&#8211; le 29\/07\/2016, Le festival 2016 fut un bon cru &#8211;&gt; <a href=\"http:\/\/www.ladepeche.fr\/article\/2016\/07\/29\/2392710-le-festival-2016-fut-un-bon-cru.html\" target=\"_blank\" rel=\"noreferrer noopener\"><strong>lire l&#8217;article<\/strong><\/a><br><br><\/p>\n\n\n\n<p><br>Lu dans <strong>&#8220;La Vie Quer\u00e7ynoise&#8221;<\/strong> :<br>&#8211; le 22\/01\/2016,&nbsp;Mission accomplie pour Souillac en Jazz&nbsp;&nbsp;&nbsp; &#8211;&gt; <a href=\"http:\/\/www.laviequercynoise.fr\/mission-accomplie-pour-souillac-en-jazz_7926\/?utm_source=rss&amp;utm_medium=rss&amp;utm_campaign=mission-accomplie-pour-souillac-en-jazz\" target=\"_blank\" rel=\"noreferrer noopener\"><strong>lire l&#8217;article<br><\/strong><\/a>&#8211; le 29\/01\/2016,&nbsp;Omar Sosa et Jacques Schwarz-Bart, duo t\u00eate d\u2019affiche du festival de jazz&nbsp; &#8211;&gt; <strong><a href=\"http:\/\/www.laviequercynoise.fr\/omar-sosa-et-jacques-schwarz-bart-duo-tete-d-affiche-du-festival-de-jazz_8021\/\" target=\"_blank\" rel=\"noreferrer noopener\">lire l&#8217;article<\/a><\/strong>&#8211; le 17\/03\/2016, naissance de la braderie jazz en vall\u00e9e de la Dordogne &#8211;&gt; <a href=\"https:\/\/www.souillacenjazz.fr\/mp_galerie\/bibliotheque\/Images\/1458315520-683.jpg\" target=\"_blank\" rel=\"noreferrer noopener\"><strong>voir l&#8217;article<\/strong><\/a><br>&#8211; le 20\/05\/2016, Des animations \u00e0 gogo pour le 41e Festival de Jazz &#8211;&gt; <a href=\"http:\/\/www.laviequercynoise.fr\/des-animations-a-gogo-pour-le-41e-festival-de-jazz_9762\/?utm_source=rss&amp;utm_medium=rss&amp;utm_campaign=des-animations-a-gogo-pour-le-41e-festival-de-jazz\" target=\"_blank\" rel=\"noreferrer noopener\"><strong>lire l&#8217;article<\/strong><\/a><br>&#8211; le 15\/07\/2016, Festival de jazz : un incontournable de l&#8217;\u00e9t\u00e9 &#8211;&gt; <a href=\"http:\/\/www.laviequercynoise.fr\/festival-de-jazz-un-incontournable-de-l-ete_10560\/\" target=\"_blank\" rel=\"noreferrer noopener\"><strong>lire l&#8217;article<\/strong><\/a><br><\/p>\n\n\n\n<p>Lu dans <strong>&#8220;La Montagne&#8221;<\/strong> :<br>&#8211; le 15\/03\/2016, Grande soir\u00e9e Jazz au lyc\u00e9e Louis Vicat &#8211;&gt; <a href=\"https:\/\/www.souillacenjazz.fr\/mp_galerie\/bibliotheque\/Images\/1458315998-210.jpg\" target=\"_blank\" rel=\"noreferrer noopener\"><strong>voir l&#8217;article<\/strong><\/a><\/p>\n","protected":false},"excerpt":{"rendered":"<p>Lu dans &#8220;La D\u00e9p\u00eache&#8221; :&#8211; le 29\/01\/2016, Omar Sosa \u00e0 l&#8217;affiche du 41e Souillac en jazz &#8211;&gt; lire<\/p>\n","protected":false},"author":1,"featured_media":1133,"parent":1132,"menu_order":8,"comment_status":"closed","ping_status":"closed","template":"","meta":{"om_disable_all_campaigns":false,"cybocfi_hide_featured_image":"","_vp_format_video_url":"","_vp_image_focal_point":[],"footnotes":""},"class_list":["post-1199","page","type-page","status-publish","has-post-thumbnail","hentry"],"_links":{"self":[{"href":"https:\/\/www.souillacenjazz.fr\/new\/wp-json\/wp\/v2\/pages\/1199","targetHints":{"allow":["GET"]}}],"collection":[{"href":"https:\/\/www.souillacenjazz.fr\/new\/wp-json\/wp\/v2\/pages"}],"about":[{"href":"https:\/\/www.souillacenjazz.fr\/new\/wp-json\/wp\/v2\/types\/page"}],"author":[{"embeddable":true,"href":"https:\/\/www.souillacenjazz.fr\/new\/wp-json\/wp\/v2\/users\/1"}],"replies":[{"embeddable":true,"href":"https:\/\/www.souillacenjazz.fr\/new\/wp-json\/wp\/v2\/comments?post=1199"}],"version-history":[{"count":2,"href":"https:\/\/www.souillacenjazz.fr\/new\/wp-json\/wp\/v2\/pages\/1199\/revisions"}],"predecessor-version":[{"id":3254,"href":"https:\/\/www.souillacenjazz.fr\/new\/wp-json\/wp\/v2\/pages\/1199\/revisions\/3254"}],"up":[{"embeddable":true,"href":"https:\/\/www.souillacenjazz.fr\/new\/wp-json\/wp\/v2\/pages\/1132"}],"wp:featuredmedia":[{"embeddable":true,"href":"https:\/\/www.souillacenjazz.fr\/new\/wp-json\/wp\/v2\/media\/1133"}],"wp:attachment":[{"href":"https:\/\/www.souillacenjazz.fr\/new\/wp-json\/wp\/v2\/media?parent=1199"}],"curies":[{"name":"wp","href":"https:\/\/api.w.org\/{rel}","templated":true}]}}

<div class="wp-block-image">
<figure class="alignleft size-full is-resized"><img loading="lazy" decoding="async" src="https://www.souillacenjazz.fr/new/wp-content/uploads/2022/03/1453824844-7863.jpg" alt="" class="wp-image-1200" width="403" height="555" srcset="https://www.souillacenjazz.fr/new/wp-content/uploads/2022/03/1453824844-7863.jpg 436w, https://www.souillacenjazz.fr/new/wp-content/uploads/2022/03/1453824844-7863-218x300.jpg 218w" sizes="auto, (max-width: 403px) 100vw, 403px" /></figure>
</div>


<p>Lu dans &#8220;<strong>La Dépêche</strong>&#8221; :<br>&#8211; le 29/01/2016, Omar Sosa à l&#8217;affiche du 41e Souillac en jazz &#8211;&gt; <a href="http://www.ladepeche.fr/article/2016/01/29/2265943-omar-sosa-a-l-affiche-du-41e-souillac-en-jazz.html" target="_blank" rel="noreferrer noopener"><strong>lire l&#8217;article<br></strong></a>&#8211; le 18/03/2016, L&#8217;Articomm s&#8217;associe au festival de jazz &#8211;&gt; <a href="http://www.ladepeche.fr/article/2016/03/18/2306360-l-articomm-s-associe-au-festival-de-jazz.html" target="_blank" rel="noreferrer noopener"><strong>lire l&#8217;article</strong></a> <a href="http://www.ladepeche.fr/article/2016/01/29/2265943-omar-sosa-a-l-affiche-du-41e-souillac-en-jazz.html" target="_blank" rel="noreferrer noopener"></a>&#8211; le 01/04/2016, Le jazz fait écho à Abdullah Ibrahim &#8211;&gt; <strong><a href="http://www.ladepeche.fr/article/2016/04/01/2315733-le-jazz-fait-echo-a-abdullah-ibrahim.html" target="_blank" rel="noreferrer noopener">lire l&#8217;article</a></strong><br>&#8211; le 14/04/2016,&nbsp;Didier Labbé Quartet a fait écho au Mozart africain &#8211;&gt; <strong><a href="http://www.ladepeche.fr/article/2016/04/14/2325030-didier-labbe-quartet-a-fait-echo-au-mozart-africain.html" target="_blank" rel="noreferrer noopener">lirel&#8217;article</a></strong> &#8211; le 15/05/2016,&nbsp;Du jazz plein les jambes et le regard &#8211;&gt;<a href="http://www.ladepeche.fr/article/2016/05/15/2344679-du-jazz-plein-les-jambes-et-le-regard.html" target="_blank" rel="noreferrer noopener"><strong> lire l&#8217;article<br></strong></a>&#8211; le 30/05/2016, Le jazz s&#8217;approprie la rue et se savoure &#8211;&gt; <a href="http://www.ladepeche.fr/article/2016/05/30/2354677-le-jazz-s-approprie-la-rue-et-se-savoure.html" target="_blank" rel="noreferrer noopener"><strong>lire l&#8217;article<br></strong></a>&#8211; le 14/06/2016, Le jazz investit les grottes de Lacave &#8211;&gt;<a href="http://www.ladepeche.fr/article/2016/06/14/2364890-le-jazz-investit-les-grottes-de-lacave.html" target="_blank" rel="noreferrer noopener"><strong> lire l&#8217;article</strong></a><a href="http://www.ladepeche.fr/article/2016/05/30/2354677-le-jazz-s-approprie-la-rue-et-se-savoure.html" target="_blank" rel="noreferrer noopener"><strong><br></strong></a>&#8211; le 21/07/2016, Un jazz de spiritualité et d&#8217;enthousiasme &#8211;&gt; <strong><a href="http://www.ladepeche.fr/article/2016/06/30/2375883-un-jazz-de-spiritualite-et-d-enthousiasme.html" target="_blank" rel="noreferrer noopener">lire l&#8217;article</a></strong><br>&#8211; le 07/07/2016, Avec Dave Douglas, le jazz abolit les frontières &#8211;&gt; <a href="http://www.ladepeche.fr/article/2016/07/07/2380207-avec-dave-douglas-le-jazz-abolit-les-frontieres.html" target="_blank" rel="noreferrer noopener"><strong>lire l&#8217;article</strong></a><br>&#8211; le 14/07/2016, Santeria cubaine et du vaudou haïtien &#8211;&gt; <a href="http://www.ladepeche.fr/article/2016/07/14/2384470-santeria-cubaine-et-du-vaudou-haitien.html" target="_blank" rel="noreferrer noopener"><strong>lire l&#8217;article</strong></a><br>&#8211; le 16/07/2016, Souillac se met sur son 41 pour le festival de jazz &#8211;&gt; <strong><a href="http://www.ladepeche.fr/article/2016/07/16/2385795-souillac-met-41-festival-jazz.html" target="_blank" rel="noreferrer noopener">lire l&#8217;article</a></strong><br>&#8211; le 17/07/2016, Le Wonder Brass Band en concert gratuit ce soir à Pinsac &#8211;&gt; <a href="http://www.ladepeche.fr/article/2016/07/17/2386029-wonder-brass-band-concert-gratuit-soir-pinsac.html" target="_blank" rel="noreferrer noopener"><strong>lire l&#8217;article</strong></a><br>&#8211; le 17/07/2016, Frédéric Médrano, le jazz en BD &#8211;&gt; <a href="http://www.ladepeche.fr/article/2016/07/17/2385966-frederic-medrano-le-jazz-en-bd.html" target="_blank" rel="noreferrer noopener"><strong>lire l&#8217;article</strong></a><br>&#8211; le 18/07/2016, Un jazz universel dans les grottes de Lacave &#8211;&gt; <a href="http://www.ladepeche.fr/article/2016/07/18/2386435-un-jazz-universel-dans-les-grottes-de-lacave.html" target="_blank" rel="noreferrer noopener"><strong>lire l&#8217;article</strong></a><br>&#8211; le 19/07/2016, Wonder Brass Band : le girl power arrive en fanfare &#8211;&gt; <a href="http://www.ladepeche.fr/article/2016/07/19/2386915-wonder-brass-band-le-girl-power-arrive-en-fanfare.html" target="_blank" rel="noreferrer noopener"><strong>lire l&#8217;article</strong></a><br>&#8211; le 20/07/2016, Le jazz se met à table &#8211;&gt; <a href="http://www.ladepeche.fr/article/2016/07/20/2387586-le-jazz-se-met-a-table.html" target="_blank" rel="noreferrer noopener"><strong>lire l&#8217;article</strong></a><br>&#8211; le 21/07/2016, Room Bazar au marché &#8211;&gt; <a href="http://www.ladepeche.fr/article/2016/07/21/2388593-room-bazar-au-marche.html" target="_blank" rel="noreferrer noopener"><strong>lire l&#8217;article</strong></a><br>&#8211; le 21/07/2016, Les chants gospel et jazz ont séduit le public &#8211;&gt; <a href="http://www.ladepeche.fr/article/2016/07/21/2388588-les-chants-gospel-et-jazz-ont-seduit-le-public.html" target="_blank" rel="noreferrer noopener"><strong>lire l&#8217;article</strong></a><br>&#8211; le 22/07/2016, Toutes les saveurs du jazz dans la ville &#8211;&gt; <a href="http://www.ladepeche.fr/article/2016/07/22/2389008-toutes-les-saveurs-du-jazz-dans-la-ville.html" target="_blank" rel="noreferrer noopener"><strong>lire l&#8217;article</strong></a><br>&#8211; le 23/07/2016, La musique envoûtante de Sons of Kemet &#8211;&gt; <a href="http://www.ladepeche.fr/article/2016/07/23/2389509-la-musique-envoutante-de-sons-of-kemet.html" target="_blank" rel="noreferrer noopener"><strong>lire l&#8217;article</strong></a><br>&#8211; le 25/07/2016, Un souffle mystique a enveloppé l&#8217;abbaye &#8211;&gt; <a href="http://www.ladepeche.fr/article/2016/07/25/2390576-un-souffle-mystique-a-enveloppe-l-abbaye.html" target="_blank" rel="noreferrer noopener"><strong>lire l&#8217;article</strong></a><br>&#8211; le 29/07/2016, Le festival 2016 fut un bon cru &#8211;&gt; <a href="http://www.ladepeche.fr/article/2016/07/29/2392710-le-festival-2016-fut-un-bon-cru.html" target="_blank" rel="noreferrer noopener"><strong>lire l&#8217;article</strong></a><br><br></p>



<p><br>Lu dans <strong>&#8220;La Vie Querçynoise&#8221;</strong> :<br>&#8211; le 22/01/2016,&nbsp;Mission accomplie pour Souillac en Jazz&nbsp;&nbsp;&nbsp; &#8211;&gt; <a href="http://www.laviequercynoise.fr/mission-accomplie-pour-souillac-en-jazz_7926/?utm_source=rss&amp;utm_medium=rss&amp;utm_campaign=mission-accomplie-pour-souillac-en-jazz" target="_blank" rel="noreferrer noopener"><strong>lire l&#8217;article<br></strong></a>&#8211; le 29/01/2016,&nbsp;Omar Sosa et Jacques Schwarz-Bart, duo tête d’affiche du festival de jazz&nbsp; &#8211;&gt; <strong><a href="http://www.laviequercynoise.fr/omar-sosa-et-jacques-schwarz-bart-duo-tete-d-affiche-du-festival-de-jazz_8021/" target="_blank" rel="noreferrer noopener">lire l&#8217;article</a></strong>&#8211; le 17/03/2016, naissance de la braderie jazz en vallée de la Dordogne &#8211;&gt; <a href="https://www.souillacenjazz.fr/mp_galerie/bibliotheque/Images/1458315520-683.jpg" target="_blank" rel="noreferrer noopener"><strong>voir l&#8217;article</strong></a><br>&#8211; le 20/05/2016, Des animations à gogo pour le 41e Festival de Jazz &#8211;&gt; <a href="http://www.laviequercynoise.fr/des-animations-a-gogo-pour-le-41e-festival-de-jazz_9762/?utm_source=rss&amp;utm_medium=rss&amp;utm_campaign=des-animations-a-gogo-pour-le-41e-festival-de-jazz" target="_blank" rel="noreferrer noopener"><strong>lire l&#8217;article</strong></a><br>&#8211; le 15/07/2016, Festival de jazz : un incontournable de l&#8217;été &#8211;&gt; <a href="http://www.laviequercynoise.fr/festival-de-jazz-un-incontournable-de-l-ete_10560/" target="_blank" rel="noreferrer noopener"><strong>lire l&#8217;article</strong></a><br></p>



<p>Lu dans <strong>&#8220;La Montagne&#8221;</strong> :<br>&#8211; le 15/03/2016, Grande soirée Jazz au lycée Louis Vicat &#8211;&gt; <a href="https://www.souillacenjazz.fr/mp_galerie/bibliotheque/Images/1458315998-210.jpg" target="_blank" rel="noreferrer noopener"><strong>voir l&#8217;article</strong></a></p>

<p>Lu dans &#8220;La Dépêche&#8221; :&#8211; le 29/01/2016, Omar Sosa à l&#8217;affiche du 41e Souillac en jazz &#8211;&gt; lire</p>
