{"id":1196,"date":"2022-03-18T18:27:14","date_gmt":"2022-03-18T17:27:14","guid":{"rendered":"https:\/\/www.souillacenjazz.fr\/new\/?page_id=1196"},"modified":"2022-12-17T23:34:37","modified_gmt":"2022-12-17T22:34:37","slug":"que-dit-la-presse-en-2017","status":"publish","type":"page","link":"https:\/\/www.souillacenjazz.fr\/new\/autour-du-festival\/la-revue-de-presse\/que-dit-la-presse-en-2017\/","title":{"rendered":"Que dit la presse en 2017 ?"},"content":{"rendered":"<div class=\"wp-block-image\">\n<figure class=\"alignleft size-full is-resized\"><img loading=\"lazy\" decoding=\"async\" src=\"https:\/\/www.souillacenjazz.fr\/new\/wp-content\/uploads\/2022\/03\/1486485237-6659.jpg\" alt=\"\" class=\"wp-image-1197\" width=\"411\" height=\"439\" srcset=\"https:\/\/www.souillacenjazz.fr\/new\/wp-content\/uploads\/2022\/03\/1486485237-6659.jpg 596w, https:\/\/www.souillacenjazz.fr\/new\/wp-content\/uploads\/2022\/03\/1486485237-6659-281x300.jpg 281w\" sizes=\"auto, (max-width: 411px) 100vw, 411px\" \/><\/figure>\n<\/div>\n\n\n<p>Lu dans &#8220;<strong>La D\u00e9p\u00eache<\/strong>&#8221; :<br>&#8211; le 17\/05\/2017,&nbsp;Des animations autour de L\u00e9o Ferr\u00e9 et de la com\u00e9die musicale &#8211;&gt; <a rel=\"noreferrer noopener\" href=\"http:\/\/www.ladepeche.fr\/article\/2017\/05\/17\/2575886-animations-autour-leo-ferre-comedie-musicale.html\" target=\"_blank\">lire l&#8217;article<\/a><br>&#8211; le 24\/05\/2017, En juillet, le jazz inonde la vall\u00e9e&nbsp;&nbsp;&nbsp;&nbsp;&nbsp;&nbsp;&nbsp; &#8211;&gt; <a rel=\"noreferrer noopener\" href=\"http:\/\/www.ladepeche.fr\/article\/2017\/05\/24\/2580487-en-juillet-le-jazz-inonde-la-vallee.html\" target=\"_blank\">lire l&#8217;article<\/a><br>&#8211; le 10\/06\/2017, Tony Hymas va jouer Ferr\u00e9 au fond des grottes&nbsp;&nbsp;&nbsp; &#8211;&gt; <a rel=\"noreferrer noopener\" href=\"http:\/\/www.ladepeche.fr\/article\/2017\/06\/10\/2591320-tony-hymas-va-jouer-ferre-au-fond-des-grottes.html\" target=\"_blank\">lire l&#8217;article<\/a><br>&#8211; le 18\/06\/2017,&nbsp;Le jazz d\u00e9ferle avec Das Kapital&nbsp;&nbsp;&nbsp;&nbsp;&nbsp;&nbsp;&nbsp;&nbsp; &#8211;&gt; <a rel=\"noreferrer noopener\" href=\"http:\/\/www.ladepeche.fr\/article\/2017\/06\/18\/2596006-le-jazz-deferle-avec-das-kapital.html\" target=\"_blank\">lire l&#8217;article<\/a><strong><br><\/strong>&#8211; le 24\/06\/2017, Le jazz parcourt l&#8217;Europe &nbsp; &nbsp; &nbsp; &nbsp; &nbsp; &nbsp; &nbsp; &nbsp; &nbsp; &#8211;&gt; <a rel=\"noreferrer noopener\" href=\"http:\/\/www.ladepeche.fr\/article\/2017\/06\/24\/2600039-le-jazz-parcourt-l-europe.html\" target=\"_blank\">lire l&#8217;article<\/a>&#8211; le 27\/06\/2017, Le grand retour des grands du jazz &nbsp;&nbsp;&nbsp; &#8211;&gt; <a rel=\"noreferrer noopener\" href=\"http:\/\/www.ladepeche.fr\/article\/2017\/06\/28\/2602260-le-grand-retour-des-grands-du-jazz.html\" target=\"_blank\">lire l&#8217;article<\/a><br>&#8211; le 14\/07\/2017, Jazz au march\u00e9&nbsp;&nbsp;&nbsp;&nbsp;&nbsp;&nbsp;&nbsp;&nbsp;&nbsp;&nbsp;&nbsp;&nbsp;&nbsp;&nbsp;&nbsp;&nbsp;&nbsp;&nbsp;&nbsp;&nbsp;&nbsp;&nbsp;&nbsp;&nbsp;&nbsp;&nbsp;&nbsp;&nbsp;&nbsp;&nbsp;&nbsp; &#8211;&gt; <a rel=\"noreferrer noopener\" href=\"http:\/\/www.ladepeche.fr\/article\/2017\/07\/14\/2612100-jazz-au-marche.html\" target=\"_blank\">lire l&#8217;article<br><\/a>&#8211; le 15\/07\/2017, Le festival d\u00e9marre avec quatre expositions &#8211;&gt; <a href=\"http:\/\/www.ladepeche.fr\/article\/2017\/07\/15\/2612624-le-festival-demarre-avec-quatre-expositions.html\">lire l&#8217;article<\/a><br><strong>&#8211; <\/strong>le 24\/07\/2017, Pr\u00e8s de 900 spectateurs ont applaudi \u00abSfumato\u00bb &#8211;&gt; <a rel=\"noreferrer noopener\" href=\"http:\/\/www.ladepeche.fr\/article\/2017\/07\/24\/2617105-pres-de-600-spectateurs-ont-applaudi-sfumato.html\" target=\"_blank\">lire l&#8217;article<\/a><a rel=\"noreferrer noopener\" href=\"http:\/\/www.ladepeche.fr\/article\/2017\/07\/14\/2612100-jazz-au-marche.html\" target=\"_blank\"><\/a>&#8211; le 29\/07\/2017, Une fr\u00e9quentation en hausse pour Souillac en Jazz &#8211;&gt; <a rel=\"noreferrer noopener\" href=\"http:\/\/www.ladepeche.fr\/article\/2017\/07\/29\/2619958-une-frequentation-en-hausse-pour-souillac-en-jazz.html\" target=\"_blank\">lire l&#8217;article<\/a><a rel=\"noreferrer noopener\" href=\"http:\/\/www.ladepeche.fr\/article\/2017\/07\/14\/2612100-jazz-au-marche.html\" target=\"_blank\"><\/a><br>Lu dans &#8220;<strong>La Vie Quer\u00e7ynoise<\/strong>&#8221; :<br>&#8211; le 01\/02\/2017,&nbsp;Festival de Jazz&nbsp;: c&#8217;est parti !&nbsp;&nbsp; &#8211;&gt; <strong><a rel=\"noreferrer noopener\" href=\"http:\/\/www.laviequercynoise.fr\/festival-de-jazz-c-est-parti-2_13362\/\" target=\"_blank\">lire l&#8217;article<\/a><\/strong><\/p>\n","protected":false},"excerpt":{"rendered":"<p>Lu dans &#8220;La D\u00e9p\u00eache&#8221; :&#8211; le 17\/05\/2017,&nbsp;Des animations autour de L\u00e9o Ferr\u00e9 et de la com\u00e9die musicale &#8211;&gt;<\/p>\n","protected":false},"author":1,"featured_media":1133,"parent":1132,"menu_order":7,"comment_status":"closed","ping_status":"closed","template":"","meta":{"om_disable_all_campaigns":false,"cybocfi_hide_featured_image":"","_vp_format_video_url":"","_vp_image_focal_point":[],"footnotes":""},"class_list":["post-1196","page","type-page","status-publish","has-post-thumbnail","hentry"],"_links":{"self":[{"href":"https:\/\/www.souillacenjazz.fr\/new\/wp-json\/wp\/v2\/pages\/1196","targetHints":{"allow":["GET"]}}],"collection":[{"href":"https:\/\/www.souillacenjazz.fr\/new\/wp-json\/wp\/v2\/pages"}],"about":[{"href":"https:\/\/www.souillacenjazz.fr\/new\/wp-json\/wp\/v2\/types\/page"}],"author":[{"embeddable":true,"href":"https:\/\/www.souillacenjazz.fr\/new\/wp-json\/wp\/v2\/users\/1"}],"replies":[{"embeddable":true,"href":"https:\/\/www.souillacenjazz.fr\/new\/wp-json\/wp\/v2\/comments?post=1196"}],"version-history":[{"count":2,"href":"https:\/\/www.souillacenjazz.fr\/new\/wp-json\/wp\/v2\/pages\/1196\/revisions"}],"predecessor-version":[{"id":3253,"href":"https:\/\/www.souillacenjazz.fr\/new\/wp-json\/wp\/v2\/pages\/1196\/revisions\/3253"}],"up":[{"embeddable":true,"href":"https:\/\/www.souillacenjazz.fr\/new\/wp-json\/wp\/v2\/pages\/1132"}],"wp:featuredmedia":[{"embeddable":true,"href":"https:\/\/www.souillacenjazz.fr\/new\/wp-json\/wp\/v2\/media\/1133"}],"wp:attachment":[{"href":"https:\/\/www.souillacenjazz.fr\/new\/wp-json\/wp\/v2\/media?parent=1196"}],"curies":[{"name":"wp","href":"https:\/\/api.w.org\/{rel}","templated":true}]}}

<div class="wp-block-image">
<figure class="alignleft size-full is-resized"><img loading="lazy" decoding="async" src="https://www.souillacenjazz.fr/new/wp-content/uploads/2022/03/1486485237-6659.jpg" alt="" class="wp-image-1197" width="411" height="439" srcset="https://www.souillacenjazz.fr/new/wp-content/uploads/2022/03/1486485237-6659.jpg 596w, https://www.souillacenjazz.fr/new/wp-content/uploads/2022/03/1486485237-6659-281x300.jpg 281w" sizes="auto, (max-width: 411px) 100vw, 411px" /></figure>
</div>


<p>Lu dans &#8220;<strong>La Dépêche</strong>&#8221; :<br>&#8211; le 17/05/2017,&nbsp;Des animations autour de Léo Ferré et de la comédie musicale &#8211;&gt; <a rel="noreferrer noopener" href="http://www.ladepeche.fr/article/2017/05/17/2575886-animations-autour-leo-ferre-comedie-musicale.html" target="_blank">lire l&#8217;article</a><br>&#8211; le 24/05/2017, En juillet, le jazz inonde la vallée&nbsp;&nbsp;&nbsp;&nbsp;&nbsp;&nbsp;&nbsp; &#8211;&gt; <a rel="noreferrer noopener" href="http://www.ladepeche.fr/article/2017/05/24/2580487-en-juillet-le-jazz-inonde-la-vallee.html" target="_blank">lire l&#8217;article</a><br>&#8211; le 10/06/2017, Tony Hymas va jouer Ferré au fond des grottes&nbsp;&nbsp;&nbsp; &#8211;&gt; <a rel="noreferrer noopener" href="http://www.ladepeche.fr/article/2017/06/10/2591320-tony-hymas-va-jouer-ferre-au-fond-des-grottes.html" target="_blank">lire l&#8217;article</a><br>&#8211; le 18/06/2017,&nbsp;Le jazz déferle avec Das Kapital&nbsp;&nbsp;&nbsp;&nbsp;&nbsp;&nbsp;&nbsp;&nbsp; &#8211;&gt; <a rel="noreferrer noopener" href="http://www.ladepeche.fr/article/2017/06/18/2596006-le-jazz-deferle-avec-das-kapital.html" target="_blank">lire l&#8217;article</a><strong><br></strong>&#8211; le 24/06/2017, Le jazz parcourt l&#8217;Europe &nbsp; &nbsp; &nbsp; &nbsp; &nbsp; &nbsp; &nbsp; &nbsp; &nbsp; &#8211;&gt; <a rel="noreferrer noopener" href="http://www.ladepeche.fr/article/2017/06/24/2600039-le-jazz-parcourt-l-europe.html" target="_blank">lire l&#8217;article</a>&#8211; le 27/06/2017, Le grand retour des grands du jazz &nbsp;&nbsp;&nbsp; &#8211;&gt; <a rel="noreferrer noopener" href="http://www.ladepeche.fr/article/2017/06/28/2602260-le-grand-retour-des-grands-du-jazz.html" target="_blank">lire l&#8217;article</a><br>&#8211; le 14/07/2017, Jazz au marché&nbsp;&nbsp;&nbsp;&nbsp;&nbsp;&nbsp;&nbsp;&nbsp;&nbsp;&nbsp;&nbsp;&nbsp;&nbsp;&nbsp;&nbsp;&nbsp;&nbsp;&nbsp;&nbsp;&nbsp;&nbsp;&nbsp;&nbsp;&nbsp;&nbsp;&nbsp;&nbsp;&nbsp;&nbsp;&nbsp;&nbsp; &#8211;&gt; <a rel="noreferrer noopener" href="http://www.ladepeche.fr/article/2017/07/14/2612100-jazz-au-marche.html" target="_blank">lire l&#8217;article<br></a>&#8211; le 15/07/2017, Le festival démarre avec quatre expositions &#8211;&gt; <a href="http://www.ladepeche.fr/article/2017/07/15/2612624-le-festival-demarre-avec-quatre-expositions.html">lire l&#8217;article</a><br><strong>&#8211; </strong>le 24/07/2017, Près de 900 spectateurs ont applaudi «Sfumato» &#8211;&gt; <a rel="noreferrer noopener" href="http://www.ladepeche.fr/article/2017/07/24/2617105-pres-de-600-spectateurs-ont-applaudi-sfumato.html" target="_blank">lire l&#8217;article</a><a rel="noreferrer noopener" href="http://www.ladepeche.fr/article/2017/07/14/2612100-jazz-au-marche.html" target="_blank"></a>&#8211; le 29/07/2017, Une fréquentation en hausse pour Souillac en Jazz &#8211;&gt; <a rel="noreferrer noopener" href="http://www.ladepeche.fr/article/2017/07/29/2619958-une-frequentation-en-hausse-pour-souillac-en-jazz.html" target="_blank">lire l&#8217;article</a><a rel="noreferrer noopener" href="http://www.ladepeche.fr/article/2017/07/14/2612100-jazz-au-marche.html" target="_blank"></a><br>Lu dans &#8220;<strong>La Vie Querçynoise</strong>&#8221; :<br>&#8211; le 01/02/2017,&nbsp;Festival de Jazz&nbsp;: c&#8217;est parti !&nbsp;&nbsp; &#8211;&gt; <strong><a rel="noreferrer noopener" href="http://www.laviequercynoise.fr/festival-de-jazz-c-est-parti-2_13362/" target="_blank">lire l&#8217;article</a></strong></p>

<p>Lu dans &#8220;La Dépêche&#8221; :&#8211; le 17/05/2017,&nbsp;Des animations autour de Léo Ferré et de la comédie musicale &#8211;&gt;</p>
