{"id":1188,"date":"2022-03-18T18:17:28","date_gmt":"2022-03-18T17:17:28","guid":{"rendered":"https:\/\/www.souillacenjazz.fr\/new\/?page_id=1188"},"modified":"2022-12-17T23:30:41","modified_gmt":"2022-12-17T22:30:41","slug":"que-dit-la-presse-en-2019","status":"publish","type":"page","link":"https:\/\/www.souillacenjazz.fr\/new\/autour-du-festival\/la-revue-de-presse\/que-dit-la-presse-en-2019\/","title":{"rendered":"Que dit la presse en 2019 ?"},"content":{"rendered":"<div class=\"wp-block-image\">\n<figure class=\"alignleft size-full is-resized\"><img loading=\"lazy\" decoding=\"async\" src=\"https:\/\/www.souillacenjazz.fr\/new\/wp-content\/uploads\/2022\/03\/1544705854-1107.jpg\" alt=\"\" class=\"wp-image-1189\" width=\"427\" height=\"310\" srcset=\"https:\/\/www.souillacenjazz.fr\/new\/wp-content\/uploads\/2022\/03\/1544705854-1107.jpg 584w, https:\/\/www.souillacenjazz.fr\/new\/wp-content\/uploads\/2022\/03\/1544705854-1107-300x218.jpg 300w\" sizes=\"auto, (max-width: 427px) 100vw, 427px\" \/><\/figure>\n<\/div>\n\n\n<p>Vu dans &#8220;<strong>la Vie Quercynoise<\/strong>&#8220;<\/p>\n\n\n\n<p>&#8211; le 20\/12\/2018, Les b\u00e9n\u00e9voles d\u00e9j\u00e0 sur le pont pour l\u2019\u00e9dition de juillet 2019 &#8211;&gt; <a href=\"https:\/\/actu.fr\/societe\/festival-jazz-souillac-benevoles-deja-sur-pont-ledition-juillet-2019_20396347.html\" target=\"_blank\" rel=\"noreferrer noopener\"><strong>lire l&#8217;article<\/strong><br><\/a>&#8211; le 10\/01\/2019, Les voeux de Souillac en jazz &#8211;&gt; <a href=\"https:\/\/www.souillacenjazz.fr\/mp_galerie\/bibliotheque\/Images\/1547634844-927.jpg\" target=\"_blank\" rel=\"noreferrer noopener\"><strong>voir l&#8217;article<\/strong><\/a>&nbsp;<a href=\"https:\/\/actu.fr\/societe\/festival-jazz-souillac-benevoles-deja-sur-pont-ledition-juillet-2019_20396347.html\" target=\"_blank\" rel=\"noreferrer noopener\"><br><\/a>&#8211; le 28\/02\/2019, Quand le jazz invite &#8211;&gt;<strong> <a href=\"https:\/\/www.souillacenjazz.fr\/mp_galerie\/bibliotheque\/Images\/1551966179-924.jpg\">voir l&#8217;article<\/a><\/strong><a href=\"https:\/\/actu.fr\/societe\/festival-jazz-souillac-benevoles-deja-sur-pont-ledition-juillet-2019_20396347.html\" target=\"_blank\" rel=\"noreferrer noopener\"><br><\/a>&#8211; le 03\/05\/2019, R\u00e9mi Panossian, une oeuvre vibrante &#8211;&gt; <a href=\"https:\/\/www.souillacenjazz.fr\/mp_galerie\/bibliotheque\/Images\/1558786448-157.jpg\">voir l&#8217;article<\/a><a href=\"https:\/\/actu.fr\/societe\/festival-jazz-souillac-benevoles-deja-sur-pont-ledition-juillet-2019_20396347.html\" target=\"_blank\" rel=\"noreferrer noopener\"><br><\/a>&#8211; le 10\/05\/2019, souillac en jazz est en deuil. Hommage \u00e0 Jean Louis Crassac &#8211;&gt; voir l&#8217;article<\/p>\n\n\n\n<p><a href=\"https:\/\/actu.fr\/societe\/festival-jazz-souillac-benevoles-deja-sur-pont-ledition-juillet-2019_20396347.html\" target=\"_blank\" rel=\"noreferrer noopener\"><br><br><br><br><\/a>Vu dans &#8220;<strong>La D\u00e9p\u00eache<\/strong>&#8220;<\/p>\n\n\n\n<p>&#8211; le 02\/01\/2019,&nbsp;R\u00e9tro 2018 : une pluie de festivals dans le Lot &#8211;&gt; <strong><a href=\"https:\/\/www.ladepeche.fr\/article\/2019\/01\/02\/2933960-retro-2018-une-pluie-de-festivals-dans-le-lot.html\" target=\"_blank\" rel=\"noreferrer noopener\">lire l&#8217;article<\/a><\/strong><a href=\"https:\/\/www.ladepeche.fr\/article\/2019\/01\/02\/2933960-retro-2018-une-pluie-de-festivals-dans-le-lot.html\" target=\"_blank\" rel=\"noreferrer noopener\"><br><\/a>&#8211; le 15\/01\/2019,&nbsp;De grands noms du jazz arrivent sur la sc\u00e8ne du festival Souillac en jazz &#8211;&gt; <strong><a href=\"https:\/\/www.ladepeche.fr\/article\/2019\/01\/15\/2940036-grands-noms-jazz-arrivent-scene-festival.html\" target=\"_blank\" rel=\"noreferrer noopener\">lire l&#8217;article<br><\/a><\/strong>&#8211; le 04\/03\/2019,&nbsp;Le jazz \u00e0 la rencontre de ses partenaires priv\u00e9s &#8211;&gt; <a href=\"https:\/\/www.ladepeche.fr\/2019\/03\/04\/le-jazz-a-la-rencontre-de-ses-partenaires-prives,8048553.php\" target=\"_blank\" rel=\"noreferrer noopener\">lire l&#8217;article<\/a><a href=\"https:\/\/www.ladepeche.fr\/2019\/03\/04\/le-jazz-a-la-rencontre-de-ses-partenaires-prives,8048553.php\" target=\"_blank\" rel=\"noreferrer noopener\"><br><\/a>&#8211;&nbsp;le 03\/05\/2019, cinq grands conerts pour le 44\u00e8 festival de jazz &#8211;&gt; <a href=\"https:\/\/www.ladepeche.fr\/2019\/05\/03\/cinq-grands-concerts-pour-le-44e-festival-de-jazz,8178155.php\">lirel&#8217;article<\/a><a href=\"https:\/\/www.ladepeche.fr\/2019\/05\/25\/le-jazz-soffre-places-et-rues,8220230.php\"><br><\/a>&#8211; le 25\/05\/2019, le jazz s&#8217;offre rues et places &#8211;&gt; <a href=\"https:\/\/www.ladepeche.fr\/2019\/05\/25\/le-jazz-soffre-places-et-rues,8220230.php\">lire l&#8217;article<\/a><br>&#8211; le 08\/06\/2019, du jazz gratuit \u00e0 toutesles sauces &#8211;&gt; <a href=\"https:\/\/www.ladepeche.fr\/2019\/06\/08\/du-jazz-gratuit-a-toutes-les-sauces,8245307.php\" target=\"_blank\" rel=\"noreferrer noopener\">lire l&#8217;article<\/a><br>&#8211; le 27\/06\/2019,&nbsp;Ici, le jazz joue ses notes de velours depuis 43 ans et r\u00e9gale &#8211;&gt;<a href=\"https:\/\/www.ladepeche.fr\/2019\/06\/27\/ici-le-jazz-joue-ses-notes-de-velours-depuis-43-ans-et-regale,8281272.php\" target=\"_blank\" rel=\"noreferrer noopener\"> lire l&#8217;article<\/a><a href=\"https:\/\/www.ladepeche.fr\/2019\/06\/27\/ici-le-jazz-joue-ses-notes-de-velours-depuis-43-ans-et-regale,8281272.php\" target=\"_blank\" rel=\"noreferrer noopener\"><br><\/a>&#8211;&nbsp;le 10\/07\/2019, \u00e0 Souillac un vent de jazz va souffler sur la ville &#8211;&gt; <a href=\"https:\/\/www.ladepeche.fr\/2019\/07\/10\/a-souillac-un-vent-de-jazz-va-souffler-sur-la-ville,8305530.php\" target=\"_blank\" rel=\"noreferrer noopener\">lire l&#8217;article<br><\/a>&#8211;&nbsp;le 14\/07\/2019,&nbsp;\u00c0 Souillac, un jazz aux saveurs multiples &#8211;&gt; <a href=\"https:\/\/www.ladepeche.fr\/2019\/07\/14\/a-souillac-un-jazz-aux-saveurs-multiples,8312292.php\" target=\"_blank\" rel=\"noreferrer noopener\">lire l&#8217;article<\/a><a href=\"https:\/\/www.ladepeche.fr\/2019\/07\/14\/a-souillac-un-jazz-aux-saveurs-multiples,8312292.php\" target=\"_blank\" rel=\"noreferrer noopener\"><br><\/a>&#8211; le 15\/07\/2019,&nbsp;Souillac en Jazz pr\u00e9sente une vibrante exposition &#8211;&gt; <a href=\"https:\/\/www.ladepeche.fr\/2019\/07\/15\/souillac-en-jazz-presente-une-vibrante-exposition,8313318.php\" target=\"_blank\" rel=\"noreferrer noopener\">l<\/a><a href=\"https:\/\/www.ladepeche.fr\/2019\/07\/15\/souillac-en-jazz-presente-une-vibrante-exposition,8313318.php\" target=\"_blank\" rel=\"noreferrer noopener\">ire l&#8217;article<\/a><a href=\"https:\/\/www.ladepeche.fr\/2019\/07\/15\/souillac-en-jazz-presente-une-vibrante-exposition,8313318.php\" target=\"_blank\" rel=\"noreferrer noopener\"><br><\/a>&#8211; le 16\/07\/2019,&nbsp;Jazz, groove et chant dans les grottes de Lacave &#8211;&gt;<a href=\"https:\/\/www.ladepeche.fr\/2019\/07\/16\/jazz-groove-et-chant-dans-les-grottes-de-lacave,8314950.php\" target=\"_blank\" rel=\"noreferrer noopener\"> lire l&#8217;article<\/a><\/p>\n\n\n\n<p>&#8211; le 18\/07\/2019,&nbsp;Souillac en jazz c\u00e9l\u00e8bre les nouvelles voix &#8211;&gt; <a href=\"https:\/\/www.ladepeche.fr\/2019\/07\/18\/jazz-en-souillac-celebre-les-nouvelles-voix,8318670.php\" target=\"_blank\" rel=\"noreferrer noopener\">lire l&#8217;article<\/a><\/p>\n\n\n\n<p>&#8211; le 19\/07\/2019,&nbsp;Souillac en jazz : le retour d&#8217;Henri Texier avec Sand woman &#8211;&gt; <a href=\"https:\/\/www.ladepeche.fr\/2019\/07\/19\/le-retour-dhenri-texier-avec-sand-woman,8320542.php\" target=\"_blank\" rel=\"noreferrer noopener\">lire l&#8217;article<\/a><\/p>\n\n\n\n<p>&#8211; le 20\/07\/2019,&nbsp;Souillac. \u00c9motion garantie avec Avishai Cohen &#8211;&gt;<a href=\"https:\/\/www.ladepeche.fr\/2019\/07\/20\/emotion-garantie-avec-avishai-cohen,8322333.php\" target=\"_blank\" rel=\"noreferrer noopener\"> lire l&#8217;article<\/a><\/p>\n\n\n\n<p>&#8211; le 30\/07\/2019,&nbsp;Souillac. Le jazz s&#8217;en est all\u00e9, l&#8217;\u00e9motion reste &#8211;&gt; <a href=\"https:\/\/www.ladepeche.fr\/2019\/07\/30\/le-jazz-sen-est-alle-lemotion-reste,8337519.php\" target=\"_blank\" rel=\"noreferrer noopener\">lire l&#8217;article<\/a><\/p>\n\n\n\n<p><\/p>\n\n\n\n<p><br>Vu&nbsp; dans &#8220;<strong>actu.fr\/occitanie<\/strong>&#8220;<\/p>\n\n\n\n<p>&#8211; le 12\/12\/2018,&nbsp;Le festival \u00ab&nbsp;Souillac en Jazz&nbsp;\u00bb 2019 se d\u00e9voile&nbsp;&#8211;&gt;<strong><a href=\"https:\/\/actu.fr\/occitanie\/souillac_46309\/lot-festival-souillac-jazz-2019-se-devoile_20246891.html\" target=\"_blank\" rel=\"noreferrer noopener\">&nbsp;<\/a><a href=\"https:\/\/actu.fr\/occitanie\/souillac_46309\/lot-festival-souillac-jazz-2019-se-devoile_20246891.html\" target=\"_blank\" rel=\"noreferrer noopener\">lire l&#8217;article<\/a><a href=\"https:\/\/actu.fr\/occitanie\/souillac_46309\/lot-festival-souillac-jazz-2019-se-devoile_20246891.html\" target=\"_blank\" rel=\"noreferrer noopener\"><br><\/a><\/strong>&#8211; le 15\/04\/2019,&nbsp;Souillac. Un festival de jazz qui s\u2019enrichit avec concerts et animations &#8211;&gt; <strong><a href=\"https:\/\/actu.fr\/occitanie\/souillac_46309\/souillac-festival-jazz-senrichit-concerts-animations_22842414.html\" target=\"_blank\" rel=\"noreferrer noopener\">lire l&#8217;article<\/a><\/strong><br>&#8211; le 12\/07\/2019,&nbsp;Lot. Festival \u00ab&nbsp;Souillac en Jazz&nbsp;\u00bb, du jazz en plein air, dans une grotte\u2026 &#8211;&gt;&nbsp;<a href=\"https:\/\/actu.fr\/occitanie\/souillac_46309\/lot-festival-souillac-jazz-jazz-plein-air-dans-une-grotte_25817422.html\" target=\"_blank\" rel=\"noreferrer noopener\">lire l&#8217;article<\/a><br><\/p>\n\n\n\n<p>Vu dans &#8220;<strong>m\u00e9dialot<\/strong>&#8220;<\/p>\n\n\n\n<p><br>&#8211; le 20\/12\/2018,&nbsp;La 44\u00e8me \u00e9dition s\u2019annonce comme un grand cru. &#8211;&gt;<strong> <a href=\"https:\/\/medialot.fr\/souillac-en-jazz-2019-trio-bruel-marre-thuillier-three-days-of-forest-et-andreas-schaerer-quartet-henri-texier-sand-quintet-avishai-cohen-trio-au-programme\/\" target=\"_blank\" rel=\"noreferrer noopener\">lire l&#8217;article<\/a><a href=\"https:\/\/medialot.fr\/souillac-en-jazz-2019-trio-bruel-marre-thuillier-three-days-of-forest-et-andreas-schaerer-quartet-henri-texier-sand-quintet-avishai-cohen-trio-au-programme\/\" target=\"_blank\" rel=\"noreferrer noopener\"><br><\/a><\/strong>&#8211; le 12\/07\/2019,&nbsp;\u00c7a va \u00eatre show avec Souillac en jazz ! &#8211;&gt; <a href=\"https:\/\/medialot.fr\/ca-va-etre-show-avec-souillac-en-jazz\/\" target=\"_blank\" rel=\"noreferrer noopener\">lire l&#8217;article<\/a><\/p>\n\n\n\n<p><br><br>Vu dans &#8220;<strong>la montagne<\/strong>&#8220;<\/p>\n\n\n\n<p>&#8211; le 18\/12\/2018 Souillac en jazz 2019 d\u00e9voil\u00e9 &#8211;&gt; <strong><a href=\"https:\/\/www.souillacenjazz.fr\/mp_galerie\/bibliotheque\/Images\/1545486030-390.jpg\">voir l&#8217;article<\/a><\/strong><\/p>\n\n\n\n<p><br>Vu sur &#8220;<strong>tsfjazz.com<\/strong>&#8220;<br><br>&#8211;&nbsp;Henri Texier et Avishai Cohen \u00e0 Jazz \u00e0 Souillac&#8230; &#8211;&gt; <a href=\"https:\/\/www.tsfjazz.com\/jazznews\/breve\/henri-texier-et-avishai-cohen-a-jazz-a-souillac\" target=\"_blank\" rel=\"noreferrer noopener\"><strong>voir l&#8217;article<\/strong><\/a><\/p>\n","protected":false},"excerpt":{"rendered":"<p>Vu dans &#8220;la Vie Quercynoise&#8220; &#8211; le 20\/12\/2018, Les b\u00e9n\u00e9voles d\u00e9j\u00e0 sur le pont pour l\u2019\u00e9dition de juillet<\/p>\n","protected":false},"author":1,"featured_media":1133,"parent":1132,"menu_order":5,"comment_status":"closed","ping_status":"closed","template":"","meta":{"om_disable_all_campaigns":false,"cybocfi_hide_featured_image":"","_vp_format_video_url":"","_vp_image_focal_point":[],"footnotes":""},"class_list":["post-1188","page","type-page","status-publish","has-post-thumbnail","hentry"],"_links":{"self":[{"href":"https:\/\/www.souillacenjazz.fr\/new\/wp-json\/wp\/v2\/pages\/1188","targetHints":{"allow":["GET"]}}],"collection":[{"href":"https:\/\/www.souillacenjazz.fr\/new\/wp-json\/wp\/v2\/pages"}],"about":[{"href":"https:\/\/www.souillacenjazz.fr\/new\/wp-json\/wp\/v2\/types\/page"}],"author":[{"embeddable":true,"href":"https:\/\/www.souillacenjazz.fr\/new\/wp-json\/wp\/v2\/users\/1"}],"replies":[{"embeddable":true,"href":"https:\/\/www.souillacenjazz.fr\/new\/wp-json\/wp\/v2\/comments?post=1188"}],"version-history":[{"count":2,"href":"https:\/\/www.souillacenjazz.fr\/new\/wp-json\/wp\/v2\/pages\/1188\/revisions"}],"predecessor-version":[{"id":3251,"href":"https:\/\/www.souillacenjazz.fr\/new\/wp-json\/wp\/v2\/pages\/1188\/revisions\/3251"}],"up":[{"embeddable":true,"href":"https:\/\/www.souillacenjazz.fr\/new\/wp-json\/wp\/v2\/pages\/1132"}],"wp:featuredmedia":[{"embeddable":true,"href":"https:\/\/www.souillacenjazz.fr\/new\/wp-json\/wp\/v2\/media\/1133"}],"wp:attachment":[{"href":"https:\/\/www.souillacenjazz.fr\/new\/wp-json\/wp\/v2\/media?parent=1188"}],"curies":[{"name":"wp","href":"https:\/\/api.w.org\/{rel}","templated":true}]}}

<div class="wp-block-image">
<figure class="alignleft size-full is-resized"><img loading="lazy" decoding="async" src="https://www.souillacenjazz.fr/new/wp-content/uploads/2022/03/1544705854-1107.jpg" alt="" class="wp-image-1189" width="427" height="310" srcset="https://www.souillacenjazz.fr/new/wp-content/uploads/2022/03/1544705854-1107.jpg 584w, https://www.souillacenjazz.fr/new/wp-content/uploads/2022/03/1544705854-1107-300x218.jpg 300w" sizes="auto, (max-width: 427px) 100vw, 427px" /></figure>
</div>


<p>Vu dans &#8220;<strong>la Vie Quercynoise</strong>&#8220;</p>



<p>&#8211; le 20/12/2018, Les bénévoles déjà sur le pont pour l’édition de juillet 2019 &#8211;&gt; <a href="https://actu.fr/societe/festival-jazz-souillac-benevoles-deja-sur-pont-ledition-juillet-2019_20396347.html" target="_blank" rel="noreferrer noopener"><strong>lire l&#8217;article</strong><br></a>&#8211; le 10/01/2019, Les voeux de Souillac en jazz &#8211;&gt; <a href="https://www.souillacenjazz.fr/mp_galerie/bibliotheque/Images/1547634844-927.jpg" target="_blank" rel="noreferrer noopener"><strong>voir l&#8217;article</strong></a>&nbsp;<a href="https://actu.fr/societe/festival-jazz-souillac-benevoles-deja-sur-pont-ledition-juillet-2019_20396347.html" target="_blank" rel="noreferrer noopener"><br></a>&#8211; le 28/02/2019, Quand le jazz invite &#8211;&gt;<strong> <a href="https://www.souillacenjazz.fr/mp_galerie/bibliotheque/Images/1551966179-924.jpg">voir l&#8217;article</a></strong><a href="https://actu.fr/societe/festival-jazz-souillac-benevoles-deja-sur-pont-ledition-juillet-2019_20396347.html" target="_blank" rel="noreferrer noopener"><br></a>&#8211; le 03/05/2019, Rémi Panossian, une oeuvre vibrante &#8211;&gt; <a href="https://www.souillacenjazz.fr/mp_galerie/bibliotheque/Images/1558786448-157.jpg">voir l&#8217;article</a><a href="https://actu.fr/societe/festival-jazz-souillac-benevoles-deja-sur-pont-ledition-juillet-2019_20396347.html" target="_blank" rel="noreferrer noopener"><br></a>&#8211; le 10/05/2019, souillac en jazz est en deuil. Hommage à Jean Louis Crassac &#8211;&gt; voir l&#8217;article</p>



<p><a href="https://actu.fr/societe/festival-jazz-souillac-benevoles-deja-sur-pont-ledition-juillet-2019_20396347.html" target="_blank" rel="noreferrer noopener"><br><br><br><br></a>Vu dans &#8220;<strong>La Dépêche</strong>&#8220;</p>



<p>&#8211; le 02/01/2019,&nbsp;Rétro 2018 : une pluie de festivals dans le Lot &#8211;&gt; <strong><a href="https://www.ladepeche.fr/article/2019/01/02/2933960-retro-2018-une-pluie-de-festivals-dans-le-lot.html" target="_blank" rel="noreferrer noopener">lire l&#8217;article</a></strong><a href="https://www.ladepeche.fr/article/2019/01/02/2933960-retro-2018-une-pluie-de-festivals-dans-le-lot.html" target="_blank" rel="noreferrer noopener"><br></a>&#8211; le 15/01/2019,&nbsp;De grands noms du jazz arrivent sur la scène du festival Souillac en jazz &#8211;&gt; <strong><a href="https://www.ladepeche.fr/article/2019/01/15/2940036-grands-noms-jazz-arrivent-scene-festival.html" target="_blank" rel="noreferrer noopener">lire l&#8217;article<br></a></strong>&#8211; le 04/03/2019,&nbsp;Le jazz à la rencontre de ses partenaires privés &#8211;&gt; <a href="https://www.ladepeche.fr/2019/03/04/le-jazz-a-la-rencontre-de-ses-partenaires-prives,8048553.php" target="_blank" rel="noreferrer noopener">lire l&#8217;article</a><a href="https://www.ladepeche.fr/2019/03/04/le-jazz-a-la-rencontre-de-ses-partenaires-prives,8048553.php" target="_blank" rel="noreferrer noopener"><br></a>&#8211;&nbsp;le 03/05/2019, cinq grands conerts pour le 44è festival de jazz &#8211;&gt; <a href="https://www.ladepeche.fr/2019/05/03/cinq-grands-concerts-pour-le-44e-festival-de-jazz,8178155.php">lirel&#8217;article</a><a href="https://www.ladepeche.fr/2019/05/25/le-jazz-soffre-places-et-rues,8220230.php"><br></a>&#8211; le 25/05/2019, le jazz s&#8217;offre rues et places &#8211;&gt; <a href="https://www.ladepeche.fr/2019/05/25/le-jazz-soffre-places-et-rues,8220230.php">lire l&#8217;article</a><br>&#8211; le 08/06/2019, du jazz gratuit à toutesles sauces &#8211;&gt; <a href="https://www.ladepeche.fr/2019/06/08/du-jazz-gratuit-a-toutes-les-sauces,8245307.php" target="_blank" rel="noreferrer noopener">lire l&#8217;article</a><br>&#8211; le 27/06/2019,&nbsp;Ici, le jazz joue ses notes de velours depuis 43 ans et régale &#8211;&gt;<a href="https://www.ladepeche.fr/2019/06/27/ici-le-jazz-joue-ses-notes-de-velours-depuis-43-ans-et-regale,8281272.php" target="_blank" rel="noreferrer noopener"> lire l&#8217;article</a><a href="https://www.ladepeche.fr/2019/06/27/ici-le-jazz-joue-ses-notes-de-velours-depuis-43-ans-et-regale,8281272.php" target="_blank" rel="noreferrer noopener"><br></a>&#8211;&nbsp;le 10/07/2019, à Souillac un vent de jazz va souffler sur la ville &#8211;&gt; <a href="https://www.ladepeche.fr/2019/07/10/a-souillac-un-vent-de-jazz-va-souffler-sur-la-ville,8305530.php" target="_blank" rel="noreferrer noopener">lire l&#8217;article<br></a>&#8211;&nbsp;le 14/07/2019,&nbsp;À Souillac, un jazz aux saveurs multiples &#8211;&gt; <a href="https://www.ladepeche.fr/2019/07/14/a-souillac-un-jazz-aux-saveurs-multiples,8312292.php" target="_blank" rel="noreferrer noopener">lire l&#8217;article</a><a href="https://www.ladepeche.fr/2019/07/14/a-souillac-un-jazz-aux-saveurs-multiples,8312292.php" target="_blank" rel="noreferrer noopener"><br></a>&#8211; le 15/07/2019,&nbsp;Souillac en Jazz présente une vibrante exposition &#8211;&gt; <a href="https://www.ladepeche.fr/2019/07/15/souillac-en-jazz-presente-une-vibrante-exposition,8313318.php" target="_blank" rel="noreferrer noopener">l</a><a href="https://www.ladepeche.fr/2019/07/15/souillac-en-jazz-presente-une-vibrante-exposition,8313318.php" target="_blank" rel="noreferrer noopener">ire l&#8217;article</a><a href="https://www.ladepeche.fr/2019/07/15/souillac-en-jazz-presente-une-vibrante-exposition,8313318.php" target="_blank" rel="noreferrer noopener"><br></a>&#8211; le 16/07/2019,&nbsp;Jazz, groove et chant dans les grottes de Lacave &#8211;&gt;<a href="https://www.ladepeche.fr/2019/07/16/jazz-groove-et-chant-dans-les-grottes-de-lacave,8314950.php" target="_blank" rel="noreferrer noopener"> lire l&#8217;article</a></p>



<p>&#8211; le 18/07/2019,&nbsp;Souillac en jazz célèbre les nouvelles voix &#8211;&gt; <a href="https://www.ladepeche.fr/2019/07/18/jazz-en-souillac-celebre-les-nouvelles-voix,8318670.php" target="_blank" rel="noreferrer noopener">lire l&#8217;article</a></p>



<p>&#8211; le 19/07/2019,&nbsp;Souillac en jazz : le retour d&#8217;Henri Texier avec Sand woman &#8211;&gt; <a href="https://www.ladepeche.fr/2019/07/19/le-retour-dhenri-texier-avec-sand-woman,8320542.php" target="_blank" rel="noreferrer noopener">lire l&#8217;article</a></p>



<p>&#8211; le 20/07/2019,&nbsp;Souillac. Émotion garantie avec Avishai Cohen &#8211;&gt;<a href="https://www.ladepeche.fr/2019/07/20/emotion-garantie-avec-avishai-cohen,8322333.php" target="_blank" rel="noreferrer noopener"> lire l&#8217;article</a></p>



<p>&#8211; le 30/07/2019,&nbsp;Souillac. Le jazz s&#8217;en est allé, l&#8217;émotion reste &#8211;&gt; <a href="https://www.ladepeche.fr/2019/07/30/le-jazz-sen-est-alle-lemotion-reste,8337519.php" target="_blank" rel="noreferrer noopener">lire l&#8217;article</a></p>



<p></p>



<p><br>Vu&nbsp; dans &#8220;<strong>actu.fr/occitanie</strong>&#8220;</p>



<p>&#8211; le 12/12/2018,&nbsp;Le festival «&nbsp;Souillac en Jazz&nbsp;» 2019 se dévoile&nbsp;&#8211;&gt;<strong><a href="https://actu.fr/occitanie/souillac_46309/lot-festival-souillac-jazz-2019-se-devoile_20246891.html" target="_blank" rel="noreferrer noopener">&nbsp;</a><a href="https://actu.fr/occitanie/souillac_46309/lot-festival-souillac-jazz-2019-se-devoile_20246891.html" target="_blank" rel="noreferrer noopener">lire l&#8217;article</a><a href="https://actu.fr/occitanie/souillac_46309/lot-festival-souillac-jazz-2019-se-devoile_20246891.html" target="_blank" rel="noreferrer noopener"><br></a></strong>&#8211; le 15/04/2019,&nbsp;Souillac. Un festival de jazz qui s’enrichit avec concerts et animations &#8211;&gt; <strong><a href="https://actu.fr/occitanie/souillac_46309/souillac-festival-jazz-senrichit-concerts-animations_22842414.html" target="_blank" rel="noreferrer noopener">lire l&#8217;article</a></strong><br>&#8211; le 12/07/2019,&nbsp;Lot. Festival «&nbsp;Souillac en Jazz&nbsp;», du jazz en plein air, dans une grotte… &#8211;&gt;&nbsp;<a href="https://actu.fr/occitanie/souillac_46309/lot-festival-souillac-jazz-jazz-plein-air-dans-une-grotte_25817422.html" target="_blank" rel="noreferrer noopener">lire l&#8217;article</a><br></p>



<p>Vu dans &#8220;<strong>médialot</strong>&#8220;</p>



<p><br>&#8211; le 20/12/2018,&nbsp;La 44ème édition s’annonce comme un grand cru. &#8211;&gt;<strong> <a href="https://medialot.fr/souillac-en-jazz-2019-trio-bruel-marre-thuillier-three-days-of-forest-et-andreas-schaerer-quartet-henri-texier-sand-quintet-avishai-cohen-trio-au-programme/" target="_blank" rel="noreferrer noopener">lire l&#8217;article</a><a href="https://medialot.fr/souillac-en-jazz-2019-trio-bruel-marre-thuillier-three-days-of-forest-et-andreas-schaerer-quartet-henri-texier-sand-quintet-avishai-cohen-trio-au-programme/" target="_blank" rel="noreferrer noopener"><br></a></strong>&#8211; le 12/07/2019,&nbsp;Ça va être show avec Souillac en jazz ! &#8211;&gt; <a href="https://medialot.fr/ca-va-etre-show-avec-souillac-en-jazz/" target="_blank" rel="noreferrer noopener">lire l&#8217;article</a></p>



<p><br><br>Vu dans &#8220;<strong>la montagne</strong>&#8220;</p>



<p>&#8211; le 18/12/2018 Souillac en jazz 2019 dévoilé &#8211;&gt; <strong><a href="https://www.souillacenjazz.fr/mp_galerie/bibliotheque/Images/1545486030-390.jpg">voir l&#8217;article</a></strong></p>



<p><br>Vu sur &#8220;<strong>tsfjazz.com</strong>&#8220;<br><br>&#8211;&nbsp;Henri Texier et Avishai Cohen à Jazz à Souillac&#8230; &#8211;&gt; <a href="https://www.tsfjazz.com/jazznews/breve/henri-texier-et-avishai-cohen-a-jazz-a-souillac" target="_blank" rel="noreferrer noopener"><strong>voir l&#8217;article</strong></a></p>

<p>Vu dans &#8220;la Vie Quercynoise&#8220; &#8211; le 20/12/2018, Les bénévoles déjà sur le pont pour l’édition de juillet</p>
