{"id":1136,"date":"2022-03-18T17:30:07","date_gmt":"2022-03-18T16:30:07","guid":{"rendered":"https:\/\/www.souillacenjazz.fr\/new\/?page_id=1136"},"modified":"2024-09-13T17:09:42","modified_gmt":"2024-09-13T15:09:42","slug":"que-dit-la-presse-en-2022","status":"publish","type":"page","link":"https:\/\/www.souillacenjazz.fr\/new\/autour-du-festival\/la-revue-de-presse\/que-dit-la-presse-en-2022\/","title":{"rendered":"Que dit la presse en 2022 ?"},"content":{"rendered":"<div class=\"wp-block-image\">\n<figure class=\"alignleft size-full\"><img loading=\"lazy\" decoding=\"async\" width=\"323\" height=\"326\" src=\"https:\/\/www.souillacenjazz.fr\/new\/wp-content\/uploads\/2022\/03\/1642770086-8139.jpg\" alt=\"\" class=\"wp-image-1137\" srcset=\"https:\/\/www.souillacenjazz.fr\/new\/wp-content\/uploads\/2022\/03\/1642770086-8139.jpg 323w, https:\/\/www.souillacenjazz.fr\/new\/wp-content\/uploads\/2022\/03\/1642770086-8139-297x300.jpg 297w, https:\/\/www.souillacenjazz.fr\/new\/wp-content\/uploads\/2022\/03\/1642770086-8139-150x150.jpg 150w\" sizes=\"auto, (max-width: 323px) 100vw, 323px\" \/><\/figure>\n<\/div>\n\n\n<p>&nbsp;<br><mark class=\"kt-highlight\">Vu dans&nbsp; <strong>&#8220;LA DEPECHE&#8221;<\/strong><\/mark><\/p>\n\n\n\n<p>&#8211; le 21\/01\/2022,&nbsp; Souillac en Jazz : un grand mill\u00e9sime 2022 &#8211;&gt; <a rel=\"noreferrer noopener\" href=\"https:\/\/www.ladepeche.fr\/2022\/01\/21\/souillac-en-jazz-un-grand-millesime-2022-10059387.php\" target=\"_blank\"><strong>lire l&#8217;article<\/strong><\/a><\/p>\n\n\n\n<p>&#8211; le 25\/06\/2022, Souillac. Daniel Zimmermann et \u00c9ric S\u00e9va dans les grottes de Lacave &#8211;&gt; <a rel=\"noreferrer noopener\" href=\"https:\/\/www.ladepeche.fr\/2022\/06\/24\/daniel-zimmermann-et-eric-seva-dans-les-grottes-de-lacave-10393301.php\" target=\"_blank\"><strong>lire l&#8217;article<\/strong><\/a><\/p>\n\n\n\n<p>&#8211; le 06\/07\/2022, Souillac. Une rencontre franco-italienne autour du jazz &#8211;&gt; <a rel=\"noreferrer noopener\" href=\"https:\/\/www.ladepeche.fr\/2022\/07\/04\/une-rencontre-franco-italienne-autour-du-jazz-10413790.php\" target=\"_blank\"><strong>lire l&#8217;article<\/strong><\/a><\/p>\n\n\n\n<p>&#8211; le14\/07\/2022, Vacances dans le Lot : Souillac savoure le jazz en vall\u00e9e de la Dordogne depuis 46 ans d\u00e9j\u00e0 &#8211;&gt; <strong><a rel=\"noreferrer noopener\" href=\"https:\/\/www.ladepeche.fr\/2022\/07\/14\/lot-souillac-savoure-le-jazz-en-vallee-de-la-dordogne-depuis-46-ans-deja-10434110.php\" target=\"_blank\">lire l&#8217;article<\/a><\/strong><\/p>\n\n\n\n<p>&#8211; le 23\/07\/2022, Souillac : le jazz dans les rues et sur les places &#8211;&gt; <strong><a rel=\"noreferrer noopener\" href=\"https:\/\/www.ladepeche.fr\/2022\/07\/23\/souillac-le-jazz-dans-les-rues-et-sur-les-places-10451615.php\" target=\"_blank\">lire l&#8217;article<\/a><\/strong><\/p>\n\n\n\n<p>Articles parus dans &#8220;<strong>LA DEPECHE<\/strong>&#8221; : <br>Ana Carla Maza &#8211;&gt; <a href=\"http:\/\/www.souillacenjazz.fr\/new\/wp-content\/uploads\/2022\/08\/la-depeche-du-midi-ana-carla-maza-souillac05082022.pdf\" target=\"_blank\" rel=\"noreferrer noopener\">voir l&#8217;article<\/a> <br>Animation des rues de Souillac &#8211;&gt; <a href=\"http:\/\/www.souillacenjazz.fr\/new\/wp-content\/uploads\/2022\/08\/la-depeche-du-midi-animatio-rues-souillac05082022.pdf\" target=\"_blank\" rel=\"noreferrer noopener\">voir l&#8217;article<\/a><br>Jazz Ensemble de Tulle &#8211;&gt; <a href=\"http:\/\/www.souillacenjazz.fr\/new\/wp-content\/uploads\/2022\/08\/la-depeche-du-midi-jazz-ensemble-tulle-souillac05082022.pdf\" target=\"_blank\" rel=\"noreferrer noopener\">voir l&#8217;article<\/a><br>Renaud Garcia-Fons &amp; Dorantes &#8211;&gt; <a href=\"http:\/\/www.souillacenjazz.fr\/new\/wp-content\/uploads\/2022\/08\/la-depeche-du-midi-garcia-fons-dorantes-suzanne-souillac05082022.pdf\" target=\"_blank\" rel=\"noreferrer noopener\">voir l&#8217;article<\/a><br>Thomas de Pourquery &#8211;&gt; <a href=\"http:\/\/www.souillacenjazz.fr\/new\/wp-content\/uploads\/2022\/08\/la-depeche-du-midi-de-pourquery-souillac05082022.pdf\" target=\"_blank\" rel=\"noreferrer noopener\">voir l&#8217;article<\/a><br><\/p>\n\n\n\n<p><mark class=\"kt-highlight\">Vu dans <strong>&#8220;Actu Lot&#8221;<\/strong><\/mark><\/p>\n\n\n\n<p>&#8211; le 24\/01\/2022,&nbsp; Organis\u00e9 du 16 au 23 juillet, le festival Souillac en Jazz d\u00e9voile son programme 2022 &#8211;&gt; <strong><a rel=\"noreferrer noopener\" href=\"https:\/\/actu.fr\/occitanie\/souillac_46309\/lot-organise-du-16-au-23-juillet-festival-souillac-en-jazz-devoile-son-programme-2022_48044212.html\" target=\"_blank\">lire l&#8217;article<\/a><\/strong><\/p>\n\n\n\n<p>&#8211; le15\/04\/2022, Lot. 46 \u00e9dition de Souillac en Jazz : entre nouveaut\u00e9s et surprises, un festival pas comme les autres\u2026 &#8211;&gt;<strong><a href=\"https:\/\/actu.fr\/occitanie\/souillac_46309\/lot-46-edition-de-souillac-en-jazz-entre-nouveautes-et-surprises-un-festival-pas-comme-les-autres_52452350.html\" target=\"_blank\" rel=\"noreferrer noopener\">lire l&#8217;article<\/a><\/strong><\/p>\n\n\n\n<p><strong><mark class=\"kt-highlight\">Vu dans &#8220;medialot.fr&#8221;<\/mark><\/strong><\/p>\n\n\n\n<p>-le 15\/07\/2022, Souillac en jazz se d\u00e9ploie du 16 au 23 juillet &#8211;&gt; <strong><a href=\"https:\/\/medialot.fr\/souillac-en-jazz-se-deploie-du-16-au-23-juillet\/\" target=\"_blank\" rel=\"noreferrer noopener\">lire l&#8217;article<\/a><\/strong><\/p>\n\n\n\n<p><mark class=\"kt-highlight\">Vu dans <strong>&#8220;Dire Lot&#8221;<\/strong><\/mark><\/p>\n\n\n\n<p><strong>&#8211;<\/strong> le 03\/05\/2022 &#8211;&gt; <a href=\"http:\/\/www.souillacenjazz.fr\/new\/wp-content\/uploads\/2022\/05\/article-dire-lot-04-05-2022.pdf\" target=\"_blank\" rel=\"noreferrer noopener\">voir l&#8217;article<\/a><\/p>\n\n\n\n<p><mark class=\"kt-highlight\">Vu dans &#8220;<strong>T\u00e9l\u00e9rama<\/strong>&#8220;<\/mark><\/p>\n\n\n\n<p>&#8211; le 01\/06\/2022 &#8211;&gt; <a href=\"http:\/\/www.souillacenjazz.fr\/new\/wp-content\/uploads\/2022\/05\/ana-carla-maza-30-05-22.jpg\">voir l&#8217;article<\/a><\/p>\n\n\n\n<p><mark class=\"kt-highlight\">Vu dans &#8220;<strong>Jazz News<\/strong>&#8220;<\/mark><\/p>\n\n\n\n<p>&#8211; le 31\/05\/2022 &#8211;&gt; <a rel=\"noreferrer noopener\" href=\"http:\/\/www.souillacenjazz.fr\/new\/wp-content\/uploads\/2022\/06\/jazz-news-31-05-22.jpg\" target=\"_blank\">voir l&#8217;article<\/a><\/p>\n\n\n\n<p>&#8212;&#8212;&#8211;<\/p>\n\n\n\n<p>         <\/p>\n\n\n\n<div class=\"wp-block-group Sep_acide\"><div class=\"wp-block-group__inner-container is-layout-flow wp-block-group-is-layout-flow\">\n<div class=\"wp-block-blockspare-shape-divider alignfull blockspare-f20997f7-1810-4\"><style>.blockspare-f20997f7-1810-4 .blockspare-svg-wrapper{color:#d25829;height:30px;padding-top:0px;padding-right:0px;padding-bottom:0px;padding-left:0px;margin-top:-30px;margin-bottom:0px}<\/style><div class=\"blockspare-blocks blockspare-svg-wrapper is-vertically-flipped has-width-1\"><div class=\"blockspare-svg-svg-inner blockspare-separator-wrapper\"><svg class=\"grow\" preserveAspectRatio=\"none\" aria-hidden=\"true\" xmlns=\"http:\/\/www.w3.org\/2000\/svg\" viewBox=\"0 0 630 80\"><path class=\"st1\" d=\"M261.2 64.9C367.6 54.7 499.6 39.7 630 18.5V0C497.8 31.4 363.7 52 261.2 64.9z\"><\/path><path class=\"st2\" d=\"M261.2 64.9c-41 3.9-78.2 7.1-110 9.6 13.2-.4 27-.9 41.5-1.6C315 67.7 478.4 59.4 630 34.8V18.5C499.1 39.8 367.3 54.8 261.2 64.9z\"><\/path><path d=\"M192.7 72.9c-14.5.7-28.3 1.2-41.5 1.6C59.9 77.7 0 77.4 0 77.4V80h630V33.8C478.4 58.4 315 67.7 192.7 72.9z\"><\/path><\/svg><\/div><\/div><\/div>\n<\/div><\/div>\n\n\n\n<p><\/p>\n","protected":false},"excerpt":{"rendered":"<p>&nbsp;Vu dans&nbsp; &#8220;LA DEPECHE&#8221; &#8211; le 21\/01\/2022,&nbsp; Souillac en Jazz : un grand mill\u00e9sime 2022 &#8211;&gt; lire l&#8217;article<\/p>\n","protected":false},"author":1,"featured_media":1133,"parent":1132,"menu_order":3,"comment_status":"closed","ping_status":"closed","template":"","meta":{"om_disable_all_campaigns":false,"cybocfi_hide_featured_image":"","_vp_format_video_url":"","_vp_image_focal_point":[],"footnotes":""},"class_list":["post-1136","page","type-page","status-publish","has-post-thumbnail","hentry"],"_links":{"self":[{"href":"https:\/\/www.souillacenjazz.fr\/new\/wp-json\/wp\/v2\/pages\/1136","targetHints":{"allow":["GET"]}}],"collection":[{"href":"https:\/\/www.souillacenjazz.fr\/new\/wp-json\/wp\/v2\/pages"}],"about":[{"href":"https:\/\/www.souillacenjazz.fr\/new\/wp-json\/wp\/v2\/types\/page"}],"author":[{"embeddable":true,"href":"https:\/\/www.souillacenjazz.fr\/new\/wp-json\/wp\/v2\/users\/1"}],"replies":[{"embeddable":true,"href":"https:\/\/www.souillacenjazz.fr\/new\/wp-json\/wp\/v2\/comments?post=1136"}],"version-history":[{"count":33,"href":"https:\/\/www.souillacenjazz.fr\/new\/wp-json\/wp\/v2\/pages\/1136\/revisions"}],"predecessor-version":[{"id":3247,"href":"https:\/\/www.souillacenjazz.fr\/new\/wp-json\/wp\/v2\/pages\/1136\/revisions\/3247"}],"up":[{"embeddable":true,"href":"https:\/\/www.souillacenjazz.fr\/new\/wp-json\/wp\/v2\/pages\/1132"}],"wp:featuredmedia":[{"embeddable":true,"href":"https:\/\/www.souillacenjazz.fr\/new\/wp-json\/wp\/v2\/media\/1133"}],"wp:attachment":[{"href":"https:\/\/www.souillacenjazz.fr\/new\/wp-json\/wp\/v2\/media?parent=1136"}],"curies":[{"name":"wp","href":"https:\/\/api.w.org\/{rel}","templated":true}]}}